Last updated on 2022-08-15 08:49:53 CEST.
Flavor | Version | Tinstall | Tcheck | Ttotal | Status | Flags |
---|---|---|---|---|---|---|
r-devel-linux-x86_64-debian-clang | 1.2.1 | 174.40 | 82.16 | 256.56 | OK | |
r-devel-linux-x86_64-debian-gcc | 1.2.1 | 129.47 | 64.13 | 193.60 | OK | |
r-devel-linux-x86_64-fedora-clang | 1.2.1 | 380.91 | NOTE | |||
r-devel-linux-x86_64-fedora-gcc | 1.2.1 | 335.47 | NOTE | |||
r-devel-windows-x86_64 | 1.2.1 | 121.00 | 126.00 | 247.00 | OK | |
r-patched-linux-x86_64 | 1.2.1 | 152.62 | 80.87 | 233.49 | OK | |
r-release-linux-x86_64 | 1.2.1 | 146.39 | 81.05 | 227.44 | OK | |
r-release-macos-arm64 | 1.2.1 | 80.00 | NOTE | |||
r-release-macos-x86_64 | 1.2.1 | 107.00 | NOTE | |||
r-release-windows-x86_64 | 1.2.1 | 124.00 | 129.00 | 253.00 | OK | |
r-oldrel-macos-arm64 | 1.2.1 | 75.00 | NOTE | |||
r-oldrel-macos-x86_64 | 1.2.1 | 103.00 | NOTE | |||
r-oldrel-windows-ix86+x86_64 | 1.2.1 | 412.00 | 161.00 | 573.00 | OK |
Version: 1.2.1
Check: compiled code
Result: NOTE
File ‘cqrReg/libs/cqrReg.so’:
Found no calls to: ‘R_registerRoutines’, ‘R_useDynamicSymbols’
It is good practice to register native routines and to disable symbol
search.
See ‘Writing portable packages’ in the ‘Writing R Extensions’ manual.
Flavors: r-devel-linux-x86_64-fedora-clang, r-devel-linux-x86_64-fedora-gcc
Version: 1.2.1
Check: installed package size
Result: NOTE
installed size is 7.4Mb
sub-directories of 1Mb or more:
libs 7.2Mb
Flavors: r-release-macos-arm64, r-release-macos-x86_64, r-oldrel-macos-arm64, r-oldrel-macos-x86_64