Last updated on 2022-08-15 08:49:53 CEST.
Flavor | Version | Tinstall | Tcheck | Ttotal | Status | Flags |
---|---|---|---|---|---|---|
r-devel-linux-x86_64-debian-clang | 0.1.4 | 3.02 | 25.16 | 28.18 | OK | |
r-devel-linux-x86_64-debian-gcc | 0.1.4 | 2.04 | 19.67 | 21.71 | OK | |
r-devel-linux-x86_64-fedora-clang | 0.1.4 | 47.38 | NOTE | |||
r-devel-linux-x86_64-fedora-gcc | 0.1.4 | 43.99 | NOTE | |||
r-devel-windows-x86_64 | 0.1.4 | 11.00 | 53.00 | 64.00 | OK | |
r-patched-linux-x86_64 | 0.1.4 | 2.58 | 25.14 | 27.72 | OK | |
r-release-linux-x86_64 | 0.1.4 | 2.85 | 24.93 | 27.78 | OK | |
r-release-macos-arm64 | 0.1.4 | 18.00 | OK | |||
r-release-macos-x86_64 | 0.1.4 | 25.00 | OK | |||
r-release-windows-x86_64 | 0.1.4 | 13.00 | 56.00 | 69.00 | OK | |
r-oldrel-macos-arm64 | 0.1.4 | 27.00 | OK | |||
r-oldrel-macos-x86_64 | 0.1.4 | 28.00 | OK | |||
r-oldrel-windows-ix86+x86_64 | 0.1.4 | 9.00 | 65.00 | 74.00 | OK |
Version: 0.1.4
Check: compiled code
Result: NOTE
File ‘credule/libs/credule.so’:
Found no calls to: ‘R_registerRoutines’, ‘R_useDynamicSymbols’
It is good practice to register native routines and to disable symbol
search.
See ‘Writing portable packages’ in the ‘Writing R Extensions’ manual.
Flavors: r-devel-linux-x86_64-fedora-clang, r-devel-linux-x86_64-fedora-gcc