Last updated on 2022-08-15 08:49:53 CEST.
Flavor | Version | Tinstall | Tcheck | Ttotal | Status | Flags |
---|---|---|---|---|---|---|
r-devel-linux-x86_64-debian-clang | 1.0.0 | 7.62 | 68.18 | 75.80 | NOTE | |
r-devel-linux-x86_64-debian-gcc | 1.0.0 | 7.28 | 52.32 | 59.60 | NOTE | |
r-devel-linux-x86_64-fedora-clang | 1.0.0 | 106.24 | NOTE | |||
r-devel-linux-x86_64-fedora-gcc | 1.0.0 | 100.52 | NOTE | |||
r-devel-windows-x86_64 | 1.0.0 | 15.00 | 85.00 | 100.00 | NOTE | |
r-patched-linux-x86_64 | 1.0.0 | 8.34 | 64.99 | 73.33 | NOTE | |
r-release-linux-x86_64 | 1.0.0 | 7.47 | 66.03 | 73.50 | NOTE | |
r-release-macos-arm64 | 1.0.0 | 29.00 | NOTE | |||
r-release-macos-x86_64 | 1.0.0 | 43.00 | NOTE | |||
r-release-windows-x86_64 | 1.0.0 | 14.00 | 89.00 | 103.00 | NOTE | |
r-oldrel-macos-arm64 | 1.0.0 | 31.00 | NOTE | |||
r-oldrel-macos-x86_64 | 1.0.0 | 59.00 | NOTE | |||
r-oldrel-windows-ix86+x86_64 | 1.0.0 | 16.00 | 88.00 | 104.00 | NOTE |
Version: 1.0.0
Check: LazyData
Result: NOTE
'LazyData' is specified without a 'data' directory
Flavors: r-devel-linux-x86_64-debian-clang, r-devel-linux-x86_64-debian-gcc, r-devel-linux-x86_64-fedora-clang, r-devel-linux-x86_64-fedora-gcc, r-devel-windows-x86_64, r-patched-linux-x86_64, r-release-linux-x86_64, r-release-macos-arm64, r-release-macos-x86_64, r-release-windows-x86_64, r-oldrel-macos-arm64, r-oldrel-macos-x86_64, r-oldrel-windows-ix86+x86_64