Last updated on 2022-08-15 08:49:53 CEST.
Flavor | Version | Tinstall | Tcheck | Ttotal | Status | Flags |
---|---|---|---|---|---|---|
r-devel-linux-x86_64-debian-clang | 0.1.4 | 8.63 | 115.54 | 124.17 | OK | |
r-devel-linux-x86_64-debian-gcc | 0.1.4 | 6.03 | 86.59 | 92.62 | OK | |
r-devel-linux-x86_64-fedora-clang | 0.1.4 | 156.80 | NOTE | |||
r-devel-linux-x86_64-fedora-gcc | 0.1.4 | 148.85 | OK | |||
r-devel-windows-x86_64 | 0.1.4 | 20.00 | 137.00 | 157.00 | NOTE | |
r-patched-linux-x86_64 | 0.1.4 | 6.04 | 108.94 | 114.98 | OK | |
r-release-linux-x86_64 | 0.1.4 | 4.86 | 109.98 | 114.84 | OK | |
r-release-macos-arm64 | 0.1.4 | 45.00 | NOTE | |||
r-release-macos-x86_64 | 0.1.4 | 76.00 | NOTE | |||
r-release-windows-x86_64 | 0.1.4 | 27.00 | 139.00 | 166.00 | NOTE | |
r-oldrel-macos-arm64 | 0.1.4 | 149.00 | NOTE | |||
r-oldrel-macos-x86_64 | 0.1.4 | 72.00 | NOTE | |||
r-oldrel-windows-ix86+x86_64 | 0.1.4 | 19.00 | 144.00 | 163.00 | NOTE |
Version: 0.1.4
Check: installed package size
Result: NOTE
installed size is 5.8Mb
sub-directories of 1Mb or more:
doc 5.6Mb
Flavors: r-devel-linux-x86_64-fedora-clang, r-devel-windows-x86_64, r-release-macos-arm64, r-release-macos-x86_64, r-release-windows-x86_64, r-oldrel-macos-arm64, r-oldrel-macos-x86_64, r-oldrel-windows-ix86+x86_64