Last updated on 2022-08-15 08:49:53 CEST.
Flavor | Version | Tinstall | Tcheck | Ttotal | Status | Flags |
---|---|---|---|---|---|---|
r-devel-linux-x86_64-debian-clang | 0.3.6 | 2.51 | 27.16 | 29.67 | NOTE | |
r-devel-linux-x86_64-debian-gcc | 0.3.6 | 2.54 | 21.33 | 23.87 | NOTE | |
r-devel-linux-x86_64-fedora-clang | 0.3.6 | 48.94 | NOTE | |||
r-devel-linux-x86_64-fedora-gcc | 0.3.6 | 46.96 | NOTE | |||
r-devel-windows-x86_64 | 0.3.6 | 10.00 | 52.00 | 62.00 | NOTE | |
r-patched-linux-x86_64 | 0.3.6 | 6.41 | 26.26 | 32.67 | NOTE | |
r-release-linux-x86_64 | 0.3.6 | 3.22 | 26.71 | 29.93 | NOTE | |
r-release-macos-arm64 | 0.3.6 | 15.00 | NOTE | |||
r-release-macos-x86_64 | 0.3.6 | 27.00 | NOTE | |||
r-release-windows-x86_64 | 0.3.6 | 16.00 | 50.00 | 66.00 | NOTE | |
r-oldrel-macos-arm64 | 0.3.6 | 21.00 | NOTE | |||
r-oldrel-macos-x86_64 | 0.3.6 | 28.00 | NOTE | |||
r-oldrel-windows-ix86+x86_64 | 0.3.6 | 7.00 | 43.00 | 50.00 | NOTE |
Version: 0.3.6
Check: LazyData
Result: NOTE
'LazyData' is specified without a 'data' directory
Flavors: r-devel-linux-x86_64-debian-clang, r-devel-linux-x86_64-debian-gcc, r-devel-linux-x86_64-fedora-clang, r-devel-linux-x86_64-fedora-gcc, r-devel-windows-x86_64, r-patched-linux-x86_64, r-release-linux-x86_64, r-release-macos-arm64, r-release-macos-x86_64, r-release-windows-x86_64, r-oldrel-macos-arm64, r-oldrel-macos-x86_64, r-oldrel-windows-ix86+x86_64
Version: 0.3.6
Check: dependencies in R code
Result: NOTE
Namespaces in Imports field not imported from:
‘R6’ ‘dplyr’ ‘r6extended’
All declared Imports should be used.
Flavors: r-devel-linux-x86_64-fedora-clang, r-devel-linux-x86_64-fedora-gcc, r-release-macos-arm64, r-release-macos-x86_64, r-oldrel-macos-arm64, r-oldrel-macos-x86_64