Last updated on 2022-08-15 08:49:53 CEST.
Flavor | Version | Tinstall | Tcheck | Ttotal | Status | Flags |
---|---|---|---|---|---|---|
r-devel-linux-x86_64-debian-clang | 2.0.3 | 11.36 | 214.53 | 225.89 | NOTE | |
r-devel-linux-x86_64-debian-gcc | 2.0.3 | 9.15 | 134.22 | 143.37 | NOTE | |
r-devel-linux-x86_64-fedora-clang | 2.0.3 | 270.59 | NOTE | |||
r-devel-linux-x86_64-fedora-gcc | 2.0.3 | 247.35 | NOTE | |||
r-devel-windows-x86_64 | 2.0.3 | 24.00 | 232.00 | 256.00 | NOTE | |
r-patched-linux-x86_64 | 2.0.3 | 13.14 | 184.82 | 197.96 | OK | |
r-release-linux-x86_64 | 2.0.3 | 10.64 | 194.25 | 204.89 | OK | |
r-release-macos-arm64 | 2.0.3 | 105.00 | OK | |||
r-release-macos-x86_64 | 2.0.3 | 174.00 | OK | |||
r-release-windows-x86_64 | 2.0.3 | 24.00 | 222.00 | 246.00 | OK | |
r-oldrel-macos-arm64 | 2.0.3 | 102.00 | OK | |||
r-oldrel-macos-x86_64 | 2.0.3 | 141.00 | OK | |||
r-oldrel-windows-ix86+x86_64 | 2.0.3 | 27.00 | 270.00 | 297.00 | OK |
Version: 2.0.3
Check: package subdirectories
Result: NOTE
Problems with news in 'NEWS.md':
Cannot extract version info from the following section titles:
Major features
Minor features
Flavors: r-devel-linux-x86_64-debian-clang, r-devel-linux-x86_64-debian-gcc, r-devel-linux-x86_64-fedora-clang, r-devel-linux-x86_64-fedora-gcc, r-devel-windows-x86_64
Version: 2.0.3
Check: Rd files
Result: NOTE
checkRd: (-1) handmovement.Rd:9: Escaped LaTeX specials: \_ \_
Flavors: r-devel-linux-x86_64-debian-clang, r-devel-linux-x86_64-debian-gcc, r-devel-linux-x86_64-fedora-clang, r-devel-linux-x86_64-fedora-gcc, r-devel-windows-x86_64