Last updated on 2022-08-15 08:49:53 CEST.
Flavor | Version | Tinstall | Tcheck | Ttotal | Status | Flags |
---|---|---|---|---|---|---|
r-devel-linux-x86_64-debian-clang | 1.1.2 | 12.58 | 70.09 | 82.67 | OK | |
r-devel-linux-x86_64-debian-gcc | 1.1.2 | 9.26 | 52.67 | 61.93 | OK | |
r-devel-linux-x86_64-fedora-clang | 1.1.2 | 108.76 | NOTE | |||
r-devel-linux-x86_64-fedora-gcc | 1.1.2 | 105.59 | NOTE | |||
r-devel-windows-x86_64 | 1.1.2 | 16.00 | 90.00 | 106.00 | OK | |
r-patched-linux-x86_64 | 1.1.2 | 10.02 | 64.87 | 74.89 | OK | |
r-release-linux-x86_64 | 1.1.2 | 11.77 | 67.47 | 79.24 | OK | |
r-release-macos-arm64 | 1.1.2 | 35.00 | OK | |||
r-release-macos-x86_64 | 1.1.2 | 50.00 | OK | |||
r-release-windows-x86_64 | 1.1.2 | 21.00 | 92.00 | 113.00 | OK | |
r-oldrel-macos-arm64 | 1.1.2 | 30.00 | OK | |||
r-oldrel-macos-x86_64 | 1.1.2 | 43.00 | OK | |||
r-oldrel-windows-ix86+x86_64 | 1.1.2 | 27.00 | 111.00 | 138.00 | OK |
Version: 1.1.2
Check: compiled code
Result: NOTE
File ‘crrSC/libs/crrSC.so’:
Found no calls to: ‘R_registerRoutines’, ‘R_useDynamicSymbols’
It is good practice to register native routines and to disable symbol
search.
See ‘Writing portable packages’ in the ‘Writing R Extensions’ manual.
Flavors: r-devel-linux-x86_64-fedora-clang, r-devel-linux-x86_64-fedora-gcc