Last updated on 2022-08-15 08:49:53 CEST.
Flavor | Version | Tinstall | Tcheck | Ttotal | Status | Flags |
---|---|---|---|---|---|---|
r-devel-linux-x86_64-debian-clang | 0.15-34 | 269.20 | 236.05 | 505.25 | OK | |
r-devel-linux-x86_64-debian-gcc | 0.15-34 | 244.64 | 190.41 | 435.05 | OK | |
r-devel-linux-x86_64-fedora-clang | 0.15-34 | 740.54 | OK | |||
r-devel-linux-x86_64-fedora-gcc | 0.15-34 | 701.62 | OK | |||
r-devel-windows-x86_64 | 0.15-34 | 248.00 | 222.00 | 470.00 | OK | --no-vignettes |
r-patched-linux-x86_64 | 0.15-34 | 257.42 | 236.09 | 493.51 | OK | |
r-release-linux-x86_64 | 0.15-34 | 266.05 | 235.44 | 501.49 | OK | |
r-release-macos-arm64 | 0.15-34 | 269.00 | NOTE | |||
r-release-macos-x86_64 | 0.15-34 | 326.00 | NOTE | |||
r-release-windows-x86_64 | 0.15-34 | 251.00 | 188.00 | 439.00 | OK | --no-vignettes |
r-oldrel-macos-arm64 | 0.15-34 | 246.00 | NOTE | |||
r-oldrel-macos-x86_64 | 0.15-34 | 312.00 | NOTE | |||
r-oldrel-windows-ix86+x86_64 | 0.15-34 | 669.00 | 228.00 | 897.00 | NOTE | --no-vignettes |
Version: 0.15-34
Check: installed package size
Result: NOTE
installed size is 28.3Mb
sub-directories of 1Mb or more:
libs 26.6Mb
Flavors: r-release-macos-arm64, r-release-macos-x86_64, r-oldrel-macos-arm64, r-oldrel-macos-x86_64
Version: 0.15-34
Flags: --no-vignettes
Check: installed package size
Result: NOTE
installed size is 8.2Mb
sub-directories of 1Mb or more:
libs 6.6Mb
Flavor: r-oldrel-windows-ix86+x86_64