Last updated on 2022-08-15 08:49:53 CEST.
Flavor | Version | Tinstall | Tcheck | Ttotal | Status | Flags |
---|---|---|---|---|---|---|
r-devel-linux-x86_64-debian-clang | 0.4 | 42.99 | 299.52 | 342.51 | OK | |
r-devel-linux-x86_64-debian-gcc | 0.4 | 37.15 | 220.98 | 258.13 | OK | |
r-devel-linux-x86_64-fedora-clang | 0.4 | 417.04 | NOTE | |||
r-devel-linux-x86_64-fedora-gcc | 0.4 | 414.19 | OK | |||
r-devel-windows-x86_64 | 0.4 | 43.00 | 287.00 | 330.00 | NOTE | |
r-patched-linux-x86_64 | 0.4 | 31.26 | 287.91 | 319.17 | OK | |
r-release-linux-x86_64 | 0.4 | 31.85 | 287.04 | 318.89 | OK | |
r-release-macos-arm64 | 0.4 | 100.00 | NOTE | |||
r-release-macos-x86_64 | 0.4 | 130.00 | NOTE | |||
r-release-windows-x86_64 | 0.4 | 41.00 | 282.00 | 323.00 | NOTE | |
r-oldrel-macos-arm64 | 0.4 | 93.00 | NOTE | |||
r-oldrel-macos-x86_64 | 0.4 | 122.00 | NOTE | |||
r-oldrel-windows-ix86+x86_64 | 0.4 | 87.00 | 291.00 | 378.00 | NOTE |
Version: 0.4
Check: installed package size
Result: NOTE
installed size is 5.8Mb
sub-directories of 1Mb or more:
data 5.7Mb
Flavors: r-devel-linux-x86_64-fedora-clang, r-devel-windows-x86_64, r-release-macos-arm64, r-release-macos-x86_64, r-release-windows-x86_64, r-oldrel-macos-arm64, r-oldrel-macos-x86_64, r-oldrel-windows-ix86+x86_64