Last updated on 2022-08-15 08:49:53 CEST.
Flavor | Version | Tinstall | Tcheck | Ttotal | Status | Flags |
---|---|---|---|---|---|---|
r-devel-linux-x86_64-debian-clang | 1.2.0 | 10.78 | 49.95 | 60.73 | NOTE | |
r-devel-linux-x86_64-debian-gcc | 1.2.0 | 6.86 | 38.36 | 45.22 | NOTE | |
r-devel-linux-x86_64-fedora-clang | 1.2.0 | 85.74 | NOTE | |||
r-devel-linux-x86_64-fedora-gcc | 1.2.0 | 86.75 | NOTE | |||
r-devel-windows-x86_64 | 1.2.0 | 37.00 | 97.00 | 134.00 | OK | |
r-patched-linux-x86_64 | 1.2.0 | 11.54 | 45.67 | 57.21 | OK | |
r-release-linux-x86_64 | 1.2.0 | 7.86 | 45.86 | 53.72 | OK | |
r-release-macos-arm64 | 1.2.0 | 27.00 | OK | |||
r-release-macos-x86_64 | 1.2.0 | 43.00 | OK | |||
r-release-windows-x86_64 | 1.2.0 | 46.00 | 91.00 | 137.00 | OK | |
r-oldrel-macos-arm64 | 1.2.0 | 50.00 | OK | |||
r-oldrel-macos-x86_64 | 1.2.0 | 43.00 | OK | |||
r-oldrel-windows-ix86+x86_64 | 1.2.0 | 17.00 | 74.00 | 91.00 | OK |
Version: 1.2.0
Check: HTML version of manual
Result: NOTE
Found the following HTML validation problems:
AsyncQueue.html:102:6: Warning: missing </span> before <p>
AsyncQueue.html:102:92: Warning: inserting implicit <span>
AsyncQueue.html:102:6: Warning: trimming empty <span>
Flavors: r-devel-linux-x86_64-debian-clang, r-devel-linux-x86_64-debian-gcc, r-devel-linux-x86_64-fedora-clang, r-devel-linux-x86_64-fedora-gcc