Last updated on 2022-08-15 08:49:53 CEST.
Flavor | Version | Tinstall | Tcheck | Ttotal | Status | Flags |
---|---|---|---|---|---|---|
r-devel-linux-x86_64-debian-clang | 1.10.1 | 9.22 | 73.86 | 83.08 | NOTE | |
r-devel-linux-x86_64-debian-gcc | 1.10.1 | 7.24 | 54.11 | 61.35 | NOTE | |
r-devel-linux-x86_64-fedora-clang | 1.10.1 | 109.77 | NOTE | |||
r-devel-linux-x86_64-fedora-gcc | 1.10.1 | 113.78 | NOTE | |||
r-devel-windows-x86_64 | 1.10.1 | 28.00 | 94.00 | 122.00 | OK | |
r-patched-linux-x86_64 | 1.10.1 | 9.47 | 68.26 | 77.73 | OK | |
r-release-linux-x86_64 | 1.10.1 | 8.58 | 70.21 | 78.79 | OK | |
r-release-macos-arm64 | 1.10.1 | 33.00 | OK | |||
r-release-macos-x86_64 | 1.10.1 | 44.00 | OK | |||
r-release-windows-x86_64 | 1.10.1 | 35.00 | 99.00 | 134.00 | OK | |
r-oldrel-macos-arm64 | 1.10.1 | 34.00 | OK | |||
r-oldrel-macos-x86_64 | 1.10.1 | 42.00 | OK | |||
r-oldrel-windows-ix86+x86_64 | 1.10.1 | 21.00 | 92.00 | 113.00 | OK |
Version: 1.10.1
Check: HTML version of manual
Result: NOTE
Found the following HTML validation problems:
ctrdata-registers.html:85:230: Warning: <a> illegal characters found in URI
Flavors: r-devel-linux-x86_64-debian-clang, r-devel-linux-x86_64-debian-gcc, r-devel-linux-x86_64-fedora-clang, r-devel-linux-x86_64-fedora-gcc