Last updated on 2022-08-15 08:49:53 CEST.
Flavor | Version | Tinstall | Tcheck | Ttotal | Status | Flags |
---|---|---|---|---|---|---|
r-devel-linux-x86_64-debian-clang | 1.0.4 | 31.20 | 798.35 | 829.55 | OK | |
r-devel-linux-x86_64-debian-gcc | 1.0.4 | 23.65 | 527.61 | 551.26 | OK | |
r-devel-linux-x86_64-fedora-clang | 1.0.4 | 912.66 | OK | |||
r-devel-linux-x86_64-fedora-gcc | 1.0.4 | 541.84 | OK | |||
r-devel-windows-x86_64 | 1.0.4 | 46.00 | 284.00 | 330.00 | OK | --no-vignettes |
r-patched-linux-x86_64 | 1.0.4 | 29.54 | 700.81 | 730.35 | OK | |
r-release-linux-x86_64 | 1.0.4 | 0.49 | 3.01 | 3.50 | ERROR | |
r-release-macos-arm64 | 1.0.4 | 269.00 | OK | |||
r-release-macos-x86_64 | 1.0.4 | 392.00 | OK | |||
r-release-windows-x86_64 | 1.0.4 | 47.00 | 235.00 | 282.00 | OK | --no-vignettes |
r-oldrel-macos-arm64 | 1.0.4 | 236.00 | OK | |||
r-oldrel-macos-x86_64 | 1.0.4 | 229.00 | OK | |||
r-oldrel-windows-ix86+x86_64 | 1.0.4 | 6.00 | 32.00 | 38.00 | ERROR | --no-vignettes |
Version: 1.0.4
Check: package dependencies
Result: ERROR
Package required but not available: ‘ctsem’
See section ‘The DESCRIPTION file’ in the ‘Writing R Extensions’
manual.
Flavor: r-release-linux-x86_64
Version: 1.0.4
Flags: --no-vignettes
Check: whether package can be installed
Result: ERROR
Installation failed.
Flavor: r-oldrel-windows-ix86+x86_64