Last updated on 2022-08-15 08:49:53 CEST.
Flavor | Version | Tinstall | Tcheck | Ttotal | Status | Flags |
---|---|---|---|---|---|---|
r-devel-linux-x86_64-debian-clang | 1.1.0 | 0.59 | 2.89 | 3.48 | ERROR | |
r-devel-linux-x86_64-debian-gcc | 1.1.0 | 13.28 | 112.23 | 125.51 | OK | |
r-devel-linux-x86_64-fedora-clang | 1.1.0 | 207.96 | OK | |||
r-devel-linux-x86_64-fedora-gcc | 1.1.0 | 225.71 | OK | |||
r-devel-windows-x86_64 | 1.1.0 | 33.00 | 177.00 | 210.00 | OK | |
r-patched-linux-x86_64 | 1.1.0 | 11.82 | 143.63 | 155.45 | OK | |
r-release-linux-x86_64 | 1.1.0 | 17.02 | 141.10 | 158.12 | OK | |
r-release-macos-arm64 | 1.1.0 | 67.00 | OK | |||
r-release-macos-x86_64 | 1.1.0 | 83.00 | OK | |||
r-release-windows-x86_64 | 1.1.0 | 32.00 | 182.00 | 214.00 | OK | |
r-oldrel-macos-arm64 | 1.1.0 | 54.00 | OK | |||
r-oldrel-macos-x86_64 | 1.1.0 | 79.00 | OK | |||
r-oldrel-windows-ix86+x86_64 | 1.1.0 | 35.00 | 179.00 | 214.00 | OK |
Version: 1.1.0
Check: package dependencies
Result: ERROR
Package required but not available: 'relsurv'
See section 'The DESCRIPTION file' in the 'Writing R Extensions'
manual.
Flavor: r-devel-linux-x86_64-debian-clang