Last updated on 2022-08-15 08:49:53 CEST.
Flavor | Version | Tinstall | Tcheck | Ttotal | Status | Flags |
---|---|---|---|---|---|---|
r-devel-linux-x86_64-debian-clang | 2.0.4.4 | 68.23 | 237.31 | 305.54 | NOTE | |
r-devel-linux-x86_64-debian-gcc | 2.0.4.4 | 59.54 | 155.08 | 214.62 | NOTE | |
r-devel-linux-x86_64-fedora-clang | 2.0.4.4 | 405.46 | NOTE | |||
r-devel-linux-x86_64-fedora-gcc | 2.0.4.4 | 407.97 | NOTE | |||
r-devel-windows-x86_64 | 2.0.4.4 | 77.00 | 247.00 | 324.00 | NOTE | |
r-patched-linux-x86_64 | 2.0.4.4 | 60.33 | 213.83 | 274.16 | NOTE | |
r-release-linux-x86_64 | 2.0.4.4 | 61.33 | 216.40 | 277.73 | NOTE | |
r-release-macos-arm64 | 2.0.4.4 | 95.00 | NOTE | |||
r-release-macos-x86_64 | 2.0.4.4 | 191.00 | NOTE | |||
r-release-windows-x86_64 | 2.0.4.4 | 77.00 | 240.00 | 317.00 | NOTE | |
r-oldrel-macos-arm64 | 2.0.4.4 | 124.00 | NOTE | |||
r-oldrel-macos-x86_64 | 2.0.4.4 | 214.00 | NOTE | |||
r-oldrel-windows-ix86+x86_64 | 2.0.4.4 | 100.00 | 315.00 | 415.00 | NOTE |
Version: 2.0.4.4
Check: for GNU extensions in Makefiles
Result: NOTE
GNU make is a SystemRequirements.
Flavors: r-devel-linux-x86_64-debian-clang, r-devel-linux-x86_64-debian-gcc, r-devel-linux-x86_64-fedora-clang, r-devel-linux-x86_64-fedora-gcc, r-devel-windows-x86_64, r-patched-linux-x86_64, r-release-linux-x86_64, r-release-macos-arm64, r-release-macos-x86_64, r-release-windows-x86_64, r-oldrel-macos-arm64, r-oldrel-macos-x86_64, r-oldrel-windows-ix86+x86_64
Version: 2.0.4.4
Check: HTML version of manual
Result: NOTE
Found the following math rendering problems:
divonne.Rd:143: Can't use function '$' in math mode in $n=|key2|$
hcubature.Rd:124: Undefined control sequence: \L in \L_{\infty}
Flavors: r-devel-linux-x86_64-debian-clang, r-devel-linux-x86_64-debian-gcc, r-devel-linux-x86_64-fedora-clang, r-devel-linux-x86_64-fedora-gcc
Version: 2.0.4.4
Check: installed package size
Result: NOTE
installed size is 6.9Mb
sub-directories of 1Mb or more:
doc 1.3Mb
libs 5.5Mb
Flavor: r-oldrel-windows-ix86+x86_64