Last updated on 2022-08-15 08:49:53 CEST.
Flavor | Version | Tinstall | Tcheck | Ttotal | Status | Flags |
---|---|---|---|---|---|---|
r-devel-linux-x86_64-debian-clang | 0.1-4 | 14.55 | 81.67 | 96.22 | OK | |
r-devel-linux-x86_64-debian-gcc | 0.1-4 | 10.55 | 62.13 | 72.68 | OK | |
r-devel-linux-x86_64-fedora-clang | 0.1-4 | 127.82 | OK | |||
r-devel-linux-x86_64-fedora-gcc | 0.1-4 | 122.35 | OK | |||
r-devel-windows-x86_64 | 0.1-4 | 148.00 | 138.00 | 286.00 | OK | |
r-patched-linux-x86_64 | 0.1-4 | 10.45 | 77.56 | 88.01 | OK | |
r-release-linux-x86_64 | 0.1-4 | 11.82 | 78.09 | 89.91 | OK | |
r-release-macos-arm64 | 0.1-4 | 37.00 | NOTE | |||
r-release-macos-x86_64 | 0.1-4 | 48.00 | NOTE | |||
r-release-windows-x86_64 | 0.1-4 | 147.00 | 133.00 | 280.00 | OK | |
r-oldrel-macos-arm64 | 0.1-4 | 39.00 | NOTE | |||
r-oldrel-macos-x86_64 | 0.1-4 | 55.00 | NOTE | |||
r-oldrel-windows-ix86+x86_64 | 0.1-4 | 26.00 | 112.00 | 138.00 | OK |
Version: 0.1-4
Check: package dependencies
Result: NOTE
Package which this enhances but not available for checking: ‘pbdMPI’
Flavors: r-release-macos-arm64, r-release-macos-x86_64, r-oldrel-macos-arm64, r-oldrel-macos-x86_64