Last updated on 2022-08-15 08:49:53 CEST.
Flavor | Version | Tinstall | Tcheck | Ttotal | Status | Flags |
---|---|---|---|---|---|---|
r-devel-linux-x86_64-debian-clang | 1.0.2 | 4.32 | 326.03 | 330.35 | OK | |
r-devel-linux-x86_64-debian-gcc | 1.0.2 | 3.18 | 241.61 | 244.79 | OK | |
r-devel-linux-x86_64-fedora-clang | 1.0.2 | 390.32 | OK | |||
r-devel-linux-x86_64-fedora-gcc | 1.0.2 | 377.28 | OK | |||
r-devel-windows-x86_64 | 1.0.2 | 20.00 | 338.00 | 358.00 | OK | |
r-patched-linux-x86_64 | 1.0.2 | 4.02 | 303.22 | 307.24 | OK | |
r-release-linux-x86_64 | 1.0.2 | 2.30 | 305.15 | 307.45 | OK | |
r-release-macos-arm64 | 1.0.2 | 26.00 | NOTE | |||
r-release-macos-x86_64 | 1.0.2 | 40.00 | NOTE | |||
r-release-windows-x86_64 | 1.0.2 | 23.00 | 340.00 | 363.00 | OK | |
r-oldrel-macos-arm64 | 1.0.2 | 33.00 | NOTE | |||
r-oldrel-macos-x86_64 | 1.0.2 | 44.00 | NOTE | |||
r-oldrel-windows-ix86+x86_64 | 1.0.2 | 9.00 | 391.00 | 400.00 | OK |
Version: 1.0.2
Check: dependencies in R code
Result: NOTE
Namespace in Imports field not imported from: ‘pspearman’
All declared Imports should be used.
Flavors: r-release-macos-arm64, r-release-macos-x86_64, r-oldrel-macos-arm64, r-oldrel-macos-x86_64