Last updated on 2022-08-15 08:49:53 CEST.
Flavor | Version | Tinstall | Tcheck | Ttotal | Status | Flags |
---|---|---|---|---|---|---|
r-devel-linux-x86_64-debian-clang | 1.1.2 | 53.97 | 388.05 | 442.02 | NOTE | |
r-devel-linux-x86_64-debian-gcc | 1.1.2 | 41.08 | 277.52 | 318.60 | NOTE | |
r-devel-linux-x86_64-fedora-clang | 1.1.2 | 515.30 | NOTE | |||
r-devel-linux-x86_64-fedora-gcc | 1.1.2 | 502.62 | NOTE | |||
r-devel-windows-x86_64 | 1.1.2 | 114.00 | 522.00 | 636.00 | NOTE | |
r-patched-linux-x86_64 | 1.1.2 | 43.38 | 349.01 | 392.39 | OK | |
r-release-linux-x86_64 | 1.1.2 | 44.81 | 353.84 | 398.65 | OK | |
r-release-macos-arm64 | 1.1.2 | 181.00 | OK | |||
r-release-macos-x86_64 | 1.1.2 | 236.00 | OK | |||
r-release-windows-x86_64 | 1.1.2 | 114.00 | 520.00 | 634.00 | OK | |
r-oldrel-macos-arm64 | 1.1.2 | 146.00 | OK | |||
r-oldrel-macos-x86_64 | 1.1.2 | 215.00 | OK | |||
r-oldrel-windows-ix86+x86_64 | 1.1.2 | 135.00 | 737.00 | 872.00 | OK |
Version: 1.1.2
Check: package subdirectories
Result: NOTE
Problems with news in 'NEWS.md':
Cannot extract version info from the following section titles:
Misc
Flavors: r-devel-linux-x86_64-debian-clang, r-devel-linux-x86_64-debian-gcc, r-devel-linux-x86_64-fedora-clang, r-devel-linux-x86_64-fedora-gcc, r-devel-windows-x86_64
Version: 1.1.2
Check: Rd files
Result: NOTE
checkRd: (-1) abs_d_ppv_npv.Rd:27: Escaped LaTeX specials: \_ \_ \_
Flavors: r-devel-linux-x86_64-debian-clang, r-devel-linux-x86_64-debian-gcc, r-devel-linux-x86_64-fedora-clang, r-devel-linux-x86_64-fedora-gcc, r-devel-windows-x86_64