Last updated on 2022-08-15 08:49:54 CEST.
Flavor | Version | Tinstall | Tcheck | Ttotal | Status | Flags |
---|---|---|---|---|---|---|
r-devel-linux-x86_64-debian-clang | 0.3.2 | 3.42 | 123.04 | 126.46 | NOTE | |
r-devel-linux-x86_64-debian-gcc | 0.3.2 | 3.61 | 93.87 | 97.48 | NOTE | |
r-devel-linux-x86_64-fedora-clang | 0.3.2 | 163.18 | NOTE | |||
r-devel-linux-x86_64-fedora-gcc | 0.3.2 | 159.23 | NOTE | |||
r-devel-windows-x86_64 | 0.3.2 | 29.00 | 139.00 | 168.00 | NOTE | |
r-patched-linux-x86_64 | 0.3.2 | 4.20 | 117.28 | 121.48 | NOTE | |
r-release-linux-x86_64 | 0.3.2 | 5.17 | 117.47 | 122.64 | NOTE | |
r-release-macos-arm64 | 0.3.2 | 53.00 | NOTE | |||
r-release-macos-x86_64 | 0.3.2 | 58.00 | NOTE | |||
r-release-windows-x86_64 | 0.3.2 | 28.00 | 146.00 | 174.00 | NOTE | |
r-oldrel-macos-arm64 | 0.3.2 | 55.00 | NOTE | |||
r-oldrel-macos-x86_64 | 0.3.2 | 87.00 | NOTE | |||
r-oldrel-windows-ix86+x86_64 | 0.3.2 | 9.00 | 141.00 | 150.00 | NOTE |
Version: 0.3.2
Check: DESCRIPTION meta-information
Result: NOTE
Packages listed in more than one of Depends, Imports, Suggests, Enhances:
'lattice' 'robustbase'
A package should be listed in only one of these fields.
Flavors: r-devel-linux-x86_64-debian-clang, r-devel-linux-x86_64-debian-gcc, r-devel-linux-x86_64-fedora-clang, r-devel-linux-x86_64-fedora-gcc, r-devel-windows-x86_64, r-patched-linux-x86_64, r-release-linux-x86_64, r-release-macos-arm64, r-release-macos-x86_64, r-release-windows-x86_64, r-oldrel-macos-arm64, r-oldrel-macos-x86_64, r-oldrel-windows-ix86+x86_64