Last updated on 2022-08-15 08:49:53 CEST.
Flavor | Version | Tinstall | Tcheck | Ttotal | Status | Flags |
---|---|---|---|---|---|---|
r-devel-linux-x86_64-debian-clang | 1.3.4 | 19.99 | 492.07 | 512.06 | ERROR | |
r-devel-linux-x86_64-debian-gcc | 1.3.4 | 16.23 | 365.57 | 381.80 | ERROR | |
r-devel-linux-x86_64-fedora-clang | 1.3.4 | 596.65 | ERROR | |||
r-devel-linux-x86_64-fedora-gcc | 1.3.4 | 653.38 | ERROR | |||
r-devel-windows-x86_64 | 1.3.4 | 70.00 | 517.00 | 587.00 | ERROR | |
r-patched-linux-x86_64 | 1.3.4 | 20.84 | 458.94 | 479.78 | ERROR | |
r-release-linux-x86_64 | 1.3.4 | 21.86 | 465.95 | 487.81 | ERROR | |
r-release-macos-arm64 | 1.3.4 | 170.00 | OK | |||
r-release-macos-x86_64 | 1.3.4 | 210.00 | OK | |||
r-release-windows-x86_64 | 1.3.4 | 115.00 | 534.00 | 649.00 | ERROR | |
r-oldrel-macos-arm64 | 1.3.4 | 172.00 | OK | |||
r-oldrel-macos-x86_64 | 1.3.4 | 219.00 | OK | |||
r-oldrel-windows-ix86+x86_64 | 1.3.4 | 36.00 | 559.00 | 595.00 | OK |
Version: 1.3.4
Check: tests
Result: ERROR
Running 'testthat.R' [151s/188s]
Running the tests in 'tests/testthat.R' failed.
Complete output:
> library(testthat)
> library(cvms)
>
> test_check("cvms")
[ FAIL 1 | WARN 0 | SKIP 70 | PASS 3622 ]
== Skipped tests ===============================================================
* Fails in check - IMPROVE THESE TESTS (1)
* On CRAN (58)
* Skipping check for CRAN release due to r_hub failure (1)
* Skipping parallel tests (3)
* empty test (1)
* keras and tensorflow take too long and have too many dependencies (1)
* mac and ubuntu give different warnings (4)
* tidymodels have too many dependencies (1)
== Failed tests ================================================================
-- Failure (test_cross_validate.R:3476:5): varying number of folds in repeated cv with cross_validate() --
CV$Coefficients not equal to list(...).
Component 1: Attributes: < Names: 19 string mismatches >
Component 1: Attributes: < Length mismatch: comparison on first 32 components >
Component 1: Attributes: < Component "ci_method": 1 string mismatch >
Component 1: Attributes: < Component "df_method": 1 string mismatch >
Component 1: Attributes: < Component 15: Modes: logical, character >
Component 1: Attributes: < Component 15: target is logical, current is character >
Component 1: Attributes: < Component 16: Modes: logical, character >
Component 1: Attributes: < Component 16: target is logical, current is character >
Component 1: Attributes: < Component 17: Modes: logical, numeric >
...
[ FAIL 1 | WARN 0 | SKIP 70 | PASS 3622 ]
Error: Test failures
Execution halted
Flavor: r-devel-linux-x86_64-debian-clang
Version: 1.3.4
Check: tests
Result: ERROR
Running ‘testthat.R’ [112s/168s]
Running the tests in ‘tests/testthat.R’ failed.
Complete output:
> library(testthat)
> library(cvms)
>
> test_check("cvms")
[ FAIL 1 | WARN 0 | SKIP 70 | PASS 3622 ]
══ Skipped tests ═══════════════════════════════════════════════════════════════
• Fails in check - IMPROVE THESE TESTS (1)
• On CRAN (58)
• Skipping check for CRAN release due to r_hub failure (1)
• Skipping parallel tests (3)
• empty test (1)
• keras and tensorflow take too long and have too many dependencies (1)
• mac and ubuntu give different warnings (4)
• tidymodels have too many dependencies (1)
══ Failed tests ════════════════════════════════════════════════════════════════
── Failure (test_cross_validate.R:3476:5): varying number of folds in repeated cv with cross_validate() ──
CV$Coefficients not equal to list(...).
Component 1: Attributes: < Names: 19 string mismatches >
Component 1: Attributes: < Length mismatch: comparison on first 32 components >
Component 1: Attributes: < Component "ci_method": 1 string mismatch >
Component 1: Attributes: < Component "df_method": 1 string mismatch >
Component 1: Attributes: < Component 15: Modes: logical, character >
Component 1: Attributes: < Component 15: target is logical, current is character >
Component 1: Attributes: < Component 16: Modes: logical, character >
Component 1: Attributes: < Component 16: target is logical, current is character >
Component 1: Attributes: < Component 17: Modes: logical, numeric >
...
[ FAIL 1 | WARN 0 | SKIP 70 | PASS 3622 ]
Error: Test failures
Execution halted
Flavor: r-devel-linux-x86_64-debian-gcc
Version: 1.3.4
Check: tests
Result: ERROR
Running ‘testthat.R’ [173s/191s]
Running the tests in ‘tests/testthat.R’ failed.
Complete output:
> library(testthat)
> library(cvms)
>
> test_check("cvms")
[ FAIL 1 | WARN 0 | SKIP 70 | PASS 3622 ]
══ Skipped tests ═══════════════════════════════════════════════════════════════
• Fails in check - IMPROVE THESE TESTS (1)
• On CRAN (58)
• Skipping check for CRAN release due to r_hub failure (1)
• Skipping parallel tests (3)
• empty test (1)
• keras and tensorflow take too long and have too many dependencies (1)
• mac and ubuntu give different warnings (4)
• tidymodels have too many dependencies (1)
══ Failed tests ════════════════════════════════════════════════════════════════
── Failure (test_cross_validate.R:3476:5): varying number of folds in repeated cv with cross_validate() ──
CV$Coefficients not equal to list(...).
Component 1: Attributes: < Names: 19 string mismatches >
Component 1: Attributes: < Length mismatch: comparison on first 32 components >
Component 1: Attributes: < Component "ci_method": 1 string mismatch >
Component 1: Attributes: < Component "df_method": 1 string mismatch >
Component 1: Attributes: < Component 15: Modes: logical, character >
Component 1: Attributes: < Component 15: target is logical, current is character >
Component 1: Attributes: < Component 16: Modes: logical, character >
Component 1: Attributes: < Component 16: target is logical, current is character >
Component 1: Attributes: < Component 17: Modes: logical, numeric >
...
[ FAIL 1 | WARN 0 | SKIP 70 | PASS 3622 ]
Error: Test failures
Execution halted
Flavor: r-devel-linux-x86_64-fedora-clang
Version: 1.3.4
Check: tests
Result: ERROR
Running ‘testthat.R’ [3m/12m]
Running the tests in ‘tests/testthat.R’ failed.
Complete output:
> library(testthat)
> library(cvms)
>
> test_check("cvms")
[ FAIL 1 | WARN 0 | SKIP 70 | PASS 3622 ]
══ Skipped tests ═══════════════════════════════════════════════════════════════
• Fails in check - IMPROVE THESE TESTS (1)
• On CRAN (58)
• Skipping check for CRAN release due to r_hub failure (1)
• Skipping parallel tests (3)
• empty test (1)
• keras and tensorflow take too long and have too many dependencies (1)
• mac and ubuntu give different warnings (4)
• tidymodels have too many dependencies (1)
══ Failed tests ════════════════════════════════════════════════════════════════
── Failure (test_cross_validate.R:3476:5): varying number of folds in repeated cv with cross_validate() ──
CV$Coefficients not equal to list(...).
Component 1: Attributes: < Names: 19 string mismatches >
Component 1: Attributes: < Length mismatch: comparison on first 32 components >
Component 1: Attributes: < Component "ci_method": 1 string mismatch >
Component 1: Attributes: < Component "df_method": 1 string mismatch >
Component 1: Attributes: < Component 15: Modes: logical, character >
Component 1: Attributes: < Component 15: target is logical, current is character >
Component 1: Attributes: < Component 16: Modes: logical, character >
Component 1: Attributes: < Component 16: target is logical, current is character >
Component 1: Attributes: < Component 17: Modes: logical, numeric >
...
[ FAIL 1 | WARN 0 | SKIP 70 | PASS 3622 ]
Error: Test failures
Execution halted
Flavor: r-devel-linux-x86_64-fedora-gcc
Version: 1.3.4
Check: tests
Result: ERROR
Running 'testthat.R' [152s]
Running the tests in 'tests/testthat.R' failed.
Complete output:
> library(testthat)
> library(cvms)
>
> test_check("cvms")
[ FAIL 1 | WARN 0 | SKIP 70 | PASS 3622 ]
══ Skipped tests ═══════════════════════════════════════════════════════════════
• Fails in check - IMPROVE THESE TESTS (1)
• On CRAN (58)
• Skipping check for CRAN release due to r_hub failure (1)
• Skipping parallel tests (3)
• empty test (1)
• keras and tensorflow take too long and have too many dependencies (1)
• mac and ubuntu give different warnings (4)
• tidymodels have too many dependencies (1)
══ Failed tests ════════════════════════════════════════════════════════════════
── Failure (test_cross_validate.R:3476:5): varying number of folds in repeated cv with cross_validate() ──
CV$Coefficients not equal to list(...).
Component 1: Attributes: < Names: 19 string mismatches >
Component 1: Attributes: < Length mismatch: comparison on first 32 components >
Component 1: Attributes: < Component "ci_method": 1 string mismatch >
Component 1: Attributes: < Component "df_method": 1 string mismatch >
Component 1: Attributes: < Component 15: Modes: logical, character >
Component 1: Attributes: < Component 15: target is logical, current is character >
Component 1: Attributes: < Component 16: Modes: logical, character >
Component 1: Attributes: < Component 16: target is logical, current is character >
Component 1: Attributes: < Component 17: Modes: logical, numeric >
...
[ FAIL 1 | WARN 0 | SKIP 70 | PASS 3622 ]
Error: Test failures
Execution halted
Flavor: r-devel-windows-x86_64
Version: 1.3.4
Check: tests
Result: ERROR
Running ‘testthat.R’ [142s/169s]
Running the tests in ‘tests/testthat.R’ failed.
Complete output:
> library(testthat)
> library(cvms)
>
> test_check("cvms")
[ FAIL 1 | WARN 0 | SKIP 70 | PASS 3622 ]
══ Skipped tests ═══════════════════════════════════════════════════════════════
• Fails in check - IMPROVE THESE TESTS (1)
• On CRAN (58)
• Skipping check for CRAN release due to r_hub failure (1)
• Skipping parallel tests (3)
• empty test (1)
• keras and tensorflow take too long and have too many dependencies (1)
• mac and ubuntu give different warnings (4)
• tidymodels have too many dependencies (1)
══ Failed tests ════════════════════════════════════════════════════════════════
── Failure (test_cross_validate.R:3476:5): varying number of folds in repeated cv with cross_validate() ──
CV$Coefficients not equal to list(...).
Component 1: Attributes: < Names: 19 string mismatches >
Component 1: Attributes: < Length mismatch: comparison on first 32 components >
Component 1: Attributes: < Component "ci_method": 1 string mismatch >
Component 1: Attributes: < Component "df_method": 1 string mismatch >
Component 1: Attributes: < Component 15: Modes: logical, character >
Component 1: Attributes: < Component 15: target is logical, current is character >
Component 1: Attributes: < Component 16: Modes: logical, character >
Component 1: Attributes: < Component 16: target is logical, current is character >
Component 1: Attributes: < Component 17: Modes: logical, numeric >
...
[ FAIL 1 | WARN 0 | SKIP 70 | PASS 3622 ]
Error: Test failures
Execution halted
Flavor: r-patched-linux-x86_64
Version: 1.3.4
Check: tests
Result: ERROR
Running ‘testthat.R’ [141s/165s]
Running the tests in ‘tests/testthat.R’ failed.
Complete output:
> library(testthat)
> library(cvms)
>
> test_check("cvms")
[ FAIL 1 | WARN 0 | SKIP 70 | PASS 3622 ]
══ Skipped tests ═══════════════════════════════════════════════════════════════
• Fails in check - IMPROVE THESE TESTS (1)
• On CRAN (58)
• Skipping check for CRAN release due to r_hub failure (1)
• Skipping parallel tests (3)
• empty test (1)
• keras and tensorflow take too long and have too many dependencies (1)
• mac and ubuntu give different warnings (4)
• tidymodels have too many dependencies (1)
══ Failed tests ════════════════════════════════════════════════════════════════
── Failure (test_cross_validate.R:3476:5): varying number of folds in repeated cv with cross_validate() ──
CV$Coefficients not equal to list(...).
Component 1: Attributes: < Names: 19 string mismatches >
Component 1: Attributes: < Length mismatch: comparison on first 32 components >
Component 1: Attributes: < Component "ci_method": 1 string mismatch >
Component 1: Attributes: < Component "df_method": 1 string mismatch >
Component 1: Attributes: < Component 15: Modes: logical, character >
Component 1: Attributes: < Component 15: target is logical, current is character >
Component 1: Attributes: < Component 16: Modes: logical, character >
Component 1: Attributes: < Component 16: target is logical, current is character >
Component 1: Attributes: < Component 17: Modes: logical, numeric >
...
[ FAIL 1 | WARN 0 | SKIP 70 | PASS 3622 ]
Error: Test failures
Execution halted
Flavor: r-release-linux-x86_64
Version: 1.3.4
Check: tests
Result: ERROR
Running 'testthat.R' [155s]
Running the tests in 'tests/testthat.R' failed.
Complete output:
> library(testthat)
> library(cvms)
>
> test_check("cvms")
[ FAIL 1 | WARN 0 | SKIP 70 | PASS 3622 ]
══ Skipped tests ═══════════════════════════════════════════════════════════════
• Fails in check - IMPROVE THESE TESTS (1)
• On CRAN (58)
• Skipping check for CRAN release due to r_hub failure (1)
• Skipping parallel tests (3)
• empty test (1)
• keras and tensorflow take too long and have too many dependencies (1)
• mac and ubuntu give different warnings (4)
• tidymodels have too many dependencies (1)
══ Failed tests ════════════════════════════════════════════════════════════════
── Failure (test_cross_validate.R:3476:5): varying number of folds in repeated cv with cross_validate() ──
CV$Coefficients not equal to list(...).
Component 1: Attributes: < Names: 19 string mismatches >
Component 1: Attributes: < Length mismatch: comparison on first 32 components >
Component 1: Attributes: < Component "ci_method": 1 string mismatch >
Component 1: Attributes: < Component "df_method": 1 string mismatch >
Component 1: Attributes: < Component 15: Modes: logical, character >
Component 1: Attributes: < Component 15: target is logical, current is character >
Component 1: Attributes: < Component 16: Modes: logical, character >
Component 1: Attributes: < Component 16: target is logical, current is character >
Component 1: Attributes: < Component 17: Modes: logical, numeric >
...
[ FAIL 1 | WARN 0 | SKIP 70 | PASS 3622 ]
Error: Test failures
Execution halted
Flavor: r-release-windows-x86_64