Last updated on 2022-08-15 08:49:54 CEST.
Flavor | Version | Tinstall | Tcheck | Ttotal | Status | Flags |
---|---|---|---|---|---|---|
r-devel-linux-x86_64-debian-clang | 1.0.34 | 7.57 | 58.26 | 65.83 | OK | |
r-devel-linux-x86_64-debian-gcc | 1.0.34 | 5.85 | 44.54 | 50.39 | OK | |
r-devel-linux-x86_64-fedora-clang | 1.0.34 | 89.77 | NOTE | |||
r-devel-linux-x86_64-fedora-gcc | 1.0.34 | 91.35 | OK | |||
r-devel-windows-x86_64 | 1.0.34 | 75.00 | 100.00 | 175.00 | NOTE | |
r-patched-linux-x86_64 | 1.0.34 | 8.04 | 55.70 | 63.74 | OK | |
r-release-linux-x86_64 | 1.0.34 | 6.79 | 54.99 | 61.78 | OK | |
r-release-macos-arm64 | 1.0.34 | 31.00 | NOTE | |||
r-release-macos-x86_64 | 1.0.34 | 45.00 | NOTE | |||
r-release-windows-x86_64 | 1.0.34 | 78.00 | 96.00 | 174.00 | NOTE | |
r-oldrel-macos-arm64 | 1.0.34 | 25.00 | NOTE | |||
r-oldrel-macos-x86_64 | 1.0.34 | 41.00 | NOTE | |||
r-oldrel-windows-ix86+x86_64 | 1.0.34 | 23.00 | 76.00 | 99.00 | NOTE |
Version: 1.0.34
Check: installed package size
Result: NOTE
installed size is 9.1Mb
sub-directories of 1Mb or more:
demos 4.4Mb
extdata 1.4Mb
htmlwidgets 1.5Mb
Flavors: r-devel-linux-x86_64-fedora-clang, r-devel-windows-x86_64, r-release-macos-arm64, r-release-macos-x86_64, r-release-windows-x86_64, r-oldrel-macos-arm64, r-oldrel-macos-x86_64, r-oldrel-windows-ix86+x86_64