Last updated on 2022-08-15 08:49:54 CEST.
Flavor | Version | Tinstall | Tcheck | Ttotal | Status | Flags |
---|---|---|---|---|---|---|
r-devel-linux-x86_64-debian-clang | 0.2.2 | 5.73 | 53.60 | 59.33 | OK | |
r-devel-linux-x86_64-debian-gcc | 0.2.2 | 4.63 | 39.59 | 44.22 | OK | |
r-devel-linux-x86_64-fedora-clang | 0.2.2 | 81.43 | NOTE | |||
r-devel-linux-x86_64-fedora-gcc | 0.2.2 | 78.23 | NOTE | |||
r-devel-windows-x86_64 | 0.2.2 | 14.00 | 75.00 | 89.00 | OK | |
r-patched-linux-x86_64 | 0.2.2 | 5.26 | 49.68 | 54.94 | OK | |
r-release-linux-x86_64 | 0.2.2 | 6.45 | 49.56 | 56.01 | OK | |
r-release-macos-arm64 | 0.2.2 | 22.00 | NOTE | |||
r-release-macos-x86_64 | 0.2.2 | 44.00 | NOTE | |||
r-release-windows-x86_64 | 0.2.2 | 26.00 | 75.00 | 101.00 | OK | |
r-oldrel-macos-arm64 | 0.2.2 | 28.00 | NOTE | |||
r-oldrel-macos-x86_64 | 0.2.2 | 41.00 | NOTE | |||
r-oldrel-windows-ix86+x86_64 | 0.2.2 | 16.00 | 67.00 | 83.00 | OK |
Version: 0.2.2
Check: dependencies in R code
Result: NOTE
Namespace in Imports field not imported from: ‘magrittr’
All declared Imports should be used.
Flavors: r-devel-linux-x86_64-fedora-clang, r-devel-linux-x86_64-fedora-gcc, r-release-macos-arm64, r-release-macos-x86_64, r-oldrel-macos-arm64, r-oldrel-macos-x86_64