Last updated on 2022-08-15 08:49:54 CEST.
Flavor | Version | Tinstall | Tcheck | Ttotal | Status | Flags |
---|---|---|---|---|---|---|
r-devel-linux-x86_64-debian-clang | 0.4 | 6.18 | 36.88 | 43.06 | NOTE | |
r-devel-linux-x86_64-debian-gcc | 0.4 | 3.65 | 28.97 | 32.62 | NOTE | |
r-devel-linux-x86_64-fedora-clang | 0.4 | 62.70 | NOTE | |||
r-devel-linux-x86_64-fedora-gcc | 0.4 | 63.60 | NOTE | |||
r-devel-windows-x86_64 | 0.4 | 18.00 | 61.00 | 79.00 | OK | |
r-patched-linux-x86_64 | 0.4 | 6.68 | 35.42 | 42.10 | OK | |
r-release-linux-x86_64 | 0.4 | 5.10 | 36.28 | 41.38 | OK | |
r-release-macos-arm64 | 0.4 | 20.00 | OK | |||
r-release-macos-x86_64 | 0.4 | 31.00 | OK | |||
r-release-windows-x86_64 | 0.4 | 14.00 | 61.00 | 75.00 | OK | |
r-oldrel-macos-arm64 | 0.4 | 19.00 | OK | |||
r-oldrel-macos-x86_64 | 0.4 | 28.00 | OK | |||
r-oldrel-windows-ix86+x86_64 | 0.4 | 11.00 | 52.00 | 63.00 | OK |
Version: 0.4
Check: HTML version of manual
Result: NOTE
Found the following HTML validation problems:
StoragehubManager.html:129:5: Warning: missing </span> before </li>
StoragehubManager.html:130:5: Warning: inserting implicit <span>
StoragehubManager.html:130:5: Warning: missing </span> before </li>
StoragehubManager.html:131:5: Warning: inserting implicit <span>
StoragehubManager.html:131:5: Warning: missing </span> before </li>
StoragehubManager.html:132:5: Warning: inserting implicit <span>
StoragehubManager.html:132:5: Warning: missing </span> before </li>
StoragehubManager.html:133:5: Warning: inserting implicit <span>
StoragehubManager.html:133:5: Warning: missing </span> before </li>
StoragehubManager.html:134:5: Warning: inserting implicit <span>
StoragehubManager.html:134:5: Warning: missing </span> before </li>
StoragehubManager.html:139:1: Warning: inserting implicit <span>
StoragehubManager.html:139:1: Warning: missing </span> before <h4>
StoragehubManager.html:143:5: Warning: inserting implicit <span>
StoragehubManager.html:145:4: Warning: inserting implicit <span>
StoragehubManager.html:149:1: Warning: inserting implicit <span>
StoragehubManager.html:149:1: Warning: missing </span> before <h5>
StoragehubManager.html:149:5: Warning: inserting implicit <span>
StoragehubManager.html:151:16: Warning: inserting implicit <span>
StoragehubManager.html:151:16: Warning: missing </span> before <pre>
StoragehubManager.html:160:5: Warning: inserting implicit <span>
StoragehubManager.html:163:1: Warning: inserting implicit <span>
StoragehubManager.html:163:1: Warning: missing </span> before <dl>
StoragehubManager.html:165:5: Warning: inserting implicit <span>
StoragehubManager.html:165:32: Warning: inserting implicit <span>
StoragehubManager.html:165:32: Warning: missing </span> before <p>
StoragehubManager.html:165:35: Warning: inserting implicit <span>
StoragehubManager.html:167:5: Warning: inserting implicit <span>
StoragehubManager.html:167:37: Warning: inserting implicit <span>
StoragehubManager.html:167:37: Warning: missing </span> before <p>
StoragehubManager.html:167:40: Warning: inserting implicit <span>
StoragehubManager.html:169:5: Warning: inserting implicit <span>
StoragehubManager.html:169:33: Warning: inserting implicit <span>
StoragehubManager.html:169:33: Warning: missing </span> before <p>
StoragehubManager.html:169:36: Warning: inserting implicit <span>
StoragehubManager.html:172:5: Warning: inserting implicit <span>
StoragehubManager.html:172:42: Warning: inserting implicit <span>
StoragehubManager.html:172:42: Warning: missing </span> before <p>
StoragehubManager.html:172:45: Warning: inserting implicit <span>
StoragehubManager.html:149:1: Warning: trimming empty <span>
StoragehubManager.html:151:16: Warning: trimming empty <span>
StoragehubManager.html:163:1: Warning: trimming empty <span>
StoragehubManager.html:165:32: Warning: trimming empty <span>
StoragehubManager.html:167:37: Warning: trimming empty <span>
StoragehubManager.html:169:33: Warning: trimming empty <span>
StoragehubManager.html:172:42: Warning: trimming empty <span>
Flavors: r-devel-linux-x86_64-debian-clang, r-devel-linux-x86_64-debian-gcc, r-devel-linux-x86_64-fedora-clang, r-devel-linux-x86_64-fedora-gcc