Last updated on 2022-08-15 08:49:54 CEST.
Flavor | Version | Tinstall | Tcheck | Ttotal | Status | Flags |
---|---|---|---|---|---|---|
r-devel-linux-x86_64-debian-clang | 2.0 | 19.77 | 134.71 | 154.48 | OK | |
r-devel-linux-x86_64-debian-gcc | 2.0 | 14.77 | 100.60 | 115.37 | OK | |
r-devel-linux-x86_64-fedora-clang | 2.0 | 193.24 | NOTE | |||
r-devel-linux-x86_64-fedora-gcc | 2.0 | 193.29 | NOTE | |||
r-devel-windows-x86_64 | 2.0 | 21.00 | 149.00 | 170.00 | OK | |
r-patched-linux-x86_64 | 2.0 | 14.12 | 127.00 | 141.12 | OK | |
r-release-linux-x86_64 | 2.0 | 17.39 | 128.45 | 145.84 | OK | |
r-release-macos-arm64 | 2.0 | 49.00 | NOTE | |||
r-release-macos-x86_64 | 2.0 | 87.00 | NOTE | |||
r-release-windows-x86_64 | 2.0 | 23.00 | 149.00 | 172.00 | OK | |
r-oldrel-macos-arm64 | 2.0 | 48.00 | NOTE | |||
r-oldrel-macos-x86_64 | 2.0 | 66.00 | NOTE | |||
r-oldrel-windows-ix86+x86_64 | 2.0 | 40.00 | 143.00 | 183.00 | OK |
Version: 2.0
Check: data for non-ASCII characters
Result: NOTE
Note: found 281 marked UTF-8 strings
Flavors: r-devel-linux-x86_64-fedora-clang, r-devel-linux-x86_64-fedora-gcc, r-release-macos-arm64, r-release-macos-x86_64, r-oldrel-macos-arm64, r-oldrel-macos-x86_64