Last updated on 2022-08-15 08:49:54 CEST.
Flavor | Version | Tinstall | Tcheck | Ttotal | Status | Flags |
---|---|---|---|---|---|---|
r-devel-linux-x86_64-debian-clang | 0.3.0 | 29.03 | 251.52 | 280.55 | OK | |
r-devel-linux-x86_64-debian-gcc | 0.3.0 | 24.71 | 175.51 | 200.22 | OK | |
r-devel-linux-x86_64-fedora-clang | 0.3.0 | 303.01 | NOTE | |||
r-devel-linux-x86_64-fedora-gcc | 0.3.0 | 301.33 | NOTE | |||
r-devel-windows-x86_64 | 0.3.0 | 124.00 | 302.00 | 426.00 | OK | |
r-patched-linux-x86_64 | 0.3.0 | 31.96 | 231.12 | 263.08 | OK | |
r-release-linux-x86_64 | 0.3.0 | 26.66 | 232.52 | 259.18 | OK | |
r-release-macos-arm64 | 0.3.0 | 92.00 | NOTE | |||
r-release-macos-x86_64 | 0.3.0 | 211.00 | NOTE | |||
r-release-windows-x86_64 | 0.3.0 | 177.00 | 307.00 | 484.00 | OK | |
r-oldrel-macos-arm64 | 0.3.0 | 133.00 | NOTE | |||
r-oldrel-macos-x86_64 | 0.3.0 | 190.00 | NOTE | |||
r-oldrel-windows-ix86+x86_64 | 0.3.0 | 22.00 | 274.00 | 296.00 | OK |
Version: 0.3.0
Check: dependencies in R code
Result: NOTE
Namespaces in Imports field not imported from:
‘plyr’ ‘simpleboot’
All declared Imports should be used.
Flavors: r-devel-linux-x86_64-fedora-clang, r-devel-linux-x86_64-fedora-gcc, r-release-macos-arm64, r-release-macos-x86_64, r-oldrel-macos-arm64, r-oldrel-macos-x86_64