Last updated on 2022-08-15 08:49:54 CEST.
Flavor | Version | Tinstall | Tcheck | Ttotal | Status | Flags |
---|---|---|---|---|---|---|
r-devel-linux-x86_64-debian-clang | 4.0.0 | 21.48 | 227.39 | 248.87 | NOTE | |
r-devel-linux-x86_64-debian-gcc | 4.0.0 | 14.86 | 165.18 | 180.04 | NOTE | |
r-devel-linux-x86_64-fedora-clang | 4.0.0 | 307.09 | NOTE | |||
r-devel-linux-x86_64-fedora-gcc | 4.0.0 | 300.23 | NOTE | |||
r-devel-windows-x86_64 | 4.0.0 | 68.00 | 272.00 | 340.00 | NOTE | |
r-patched-linux-x86_64 | 4.0.0 | 31.57 | 210.75 | 242.32 | OK | |
r-release-linux-x86_64 | 4.0.0 | 19.16 | 207.53 | 226.69 | OK | |
r-release-macos-arm64 | 4.0.0 | 72.00 | NOTE | |||
r-release-macos-x86_64 | 4.0.0 | 131.00 | NOTE | |||
r-release-windows-x86_64 | 4.0.0 | 71.00 | 261.00 | 332.00 | OK | |
r-oldrel-macos-arm64 | 4.0.0 | 104.00 | NOTE | |||
r-oldrel-macos-x86_64 | 4.0.0 | 110.00 | NOTE | |||
r-oldrel-windows-ix86+x86_64 | 4.0.0 | 45.00 | 259.00 | 304.00 | OK |
Version: 4.0.0
Check: Rd files
Result: NOTE
checkRd: (-1) dspg.Rd:29: Escaped LaTeX specials: \^ \^
checkRd: (-1) dspgd2015.Rd:31: Escaped LaTeX specials: \^ \^
Flavors: r-devel-linux-x86_64-debian-clang, r-devel-linux-x86_64-debian-gcc, r-devel-linux-x86_64-fedora-clang, r-devel-linux-x86_64-fedora-gcc, r-devel-windows-x86_64
Version: 4.0.0
Check: data for non-ASCII characters
Result: NOTE
Note: found 4 marked Latin-1 strings
Note: found 21 marked UTF-8 strings
Flavors: r-devel-linux-x86_64-fedora-clang, r-devel-linux-x86_64-fedora-gcc, r-release-macos-arm64, r-release-macos-x86_64, r-oldrel-macos-arm64, r-oldrel-macos-x86_64