Last updated on 2022-08-15 08:49:54 CEST.
Flavor | Version | Tinstall | Tcheck | Ttotal | Status | Flags |
---|---|---|---|---|---|---|
r-devel-linux-x86_64-debian-clang | 0.3-1 | 3.98 | 57.98 | 61.96 | NOTE | |
r-devel-linux-x86_64-debian-gcc | 0.3-1 | 4.99 | 45.15 | 50.14 | NOTE | |
r-devel-linux-x86_64-fedora-clang | 0.3-1 | 89.98 | NOTE | |||
r-devel-linux-x86_64-fedora-gcc | 0.3-1 | 84.18 | NOTE | |||
r-devel-windows-x86_64 | 0.3-1 | 33.00 | 84.00 | 117.00 | NOTE | |
r-patched-linux-x86_64 | 0.3-1 | 5.45 | 56.42 | 61.87 | NOTE | |
r-release-linux-x86_64 | 0.3-1 | 5.92 | 56.05 | 61.97 | NOTE | |
r-release-macos-arm64 | 0.3-1 | 27.00 | NOTE | |||
r-release-macos-x86_64 | 0.3-1 | 40.00 | NOTE | |||
r-release-windows-x86_64 | 0.3-1 | 38.00 | 89.00 | 127.00 | NOTE | |
r-oldrel-macos-arm64 | 0.3-1 | 30.00 | NOTE | |||
r-oldrel-macos-x86_64 | 0.3-1 | 49.00 | NOTE | |||
r-oldrel-windows-ix86+x86_64 | 0.3-1 | 15.00 | 87.00 | 102.00 | NOTE |
Version: 0.3-1
Check: LazyData
Result: NOTE
'LazyData' is specified without a 'data' directory
Flavors: r-devel-linux-x86_64-debian-clang, r-devel-linux-x86_64-debian-gcc, r-devel-linux-x86_64-fedora-clang, r-devel-linux-x86_64-fedora-gcc, r-devel-windows-x86_64, r-patched-linux-x86_64, r-release-linux-x86_64, r-release-macos-arm64, r-release-macos-x86_64, r-release-windows-x86_64, r-oldrel-macos-arm64, r-oldrel-macos-x86_64, r-oldrel-windows-ix86+x86_64