Last updated on 2022-08-15 08:49:54 CEST.
Flavor | Version | Tinstall | Tcheck | Ttotal | Status | Flags |
---|---|---|---|---|---|---|
r-devel-linux-x86_64-debian-clang | 0.3.0 | 9.31 | 77.44 | 86.75 | OK | |
r-devel-linux-x86_64-debian-gcc | 0.3.0 | 7.38 | 58.21 | 65.59 | OK | |
r-devel-linux-x86_64-fedora-clang | 0.3.0 | 117.47 | NOTE | |||
r-devel-linux-x86_64-fedora-gcc | 0.3.0 | 117.71 | NOTE | |||
r-devel-windows-x86_64 | 0.3.0 | 14.00 | 98.00 | 112.00 | OK | |
r-patched-linux-x86_64 | 0.3.0 | 9.85 | 74.69 | 84.54 | OK | |
r-release-linux-x86_64 | 0.3.0 | 8.25 | 73.36 | 81.61 | OK | |
r-release-macos-arm64 | 0.3.0 | 36.00 | NOTE | |||
r-release-macos-x86_64 | 0.3.0 | 65.00 | NOTE | |||
r-release-windows-x86_64 | 0.3.0 | 16.00 | 101.00 | 117.00 | OK | |
r-oldrel-macos-arm64 | 0.3.0 | 47.00 | NOTE | |||
r-oldrel-macos-x86_64 | 0.3.0 | 55.00 | NOTE | |||
r-oldrel-windows-ix86+x86_64 | 0.3.0 | 29.00 | 94.00 | 123.00 | OK |
Version: 0.3.0
Check: data for non-ASCII characters
Result: NOTE
Note: found 5 marked UTF-8 strings
Flavors: r-devel-linux-x86_64-fedora-clang, r-devel-linux-x86_64-fedora-gcc, r-release-macos-arm64, r-release-macos-x86_64, r-oldrel-macos-arm64, r-oldrel-macos-x86_64