Last updated on 2022-08-15 08:49:54 CEST.
Flavor | Version | Tinstall | Tcheck | Ttotal | Status | Flags |
---|---|---|---|---|---|---|
r-devel-linux-x86_64-debian-clang | 1.10.0 | 3.28 | 30.78 | 34.06 | NOTE | |
r-devel-linux-x86_64-debian-gcc | 1.10.0 | 3.10 | 24.00 | 27.10 | NOTE | |
r-devel-linux-x86_64-fedora-clang | 1.10.0 | 55.02 | NOTE | |||
r-devel-linux-x86_64-fedora-gcc | 1.10.0 | 52.35 | NOTE | |||
r-devel-windows-x86_64 | 1.10.0 | 244.00 | 63.00 | 307.00 | NOTE | |
r-patched-linux-x86_64 | 1.10.0 | 4.15 | 30.32 | 34.47 | NOTE | |
r-release-linux-x86_64 | 1.10.0 | 2.81 | 29.93 | 32.74 | NOTE | |
r-release-macos-arm64 | 1.10.0 | 18.00 | NOTE | |||
r-release-macos-x86_64 | 1.10.0 | 26.00 | NOTE | |||
r-release-windows-x86_64 | 1.10.0 | 211.00 | 68.00 | 279.00 | NOTE | |
r-oldrel-macos-arm64 | 1.10.0 | 18.00 | NOTE | |||
r-oldrel-macos-x86_64 | 1.10.0 | 34.00 | NOTE | |||
r-oldrel-windows-ix86+x86_64 | 1.10.0 | 8.00 | 47.00 | 55.00 | NOTE |
Version: 1.10.0
Check: package dependencies
Result: NOTE
Package suggested but not available for checking: 'dash'
Flavors: r-devel-linux-x86_64-debian-clang, r-devel-linux-x86_64-debian-gcc, r-devel-linux-x86_64-fedora-clang, r-devel-linux-x86_64-fedora-gcc, r-patched-linux-x86_64, r-release-linux-x86_64
Version: 1.10.0
Check: LazyData
Result: NOTE
'LazyData' is specified without a 'data' directory
Flavors: r-devel-linux-x86_64-debian-clang, r-devel-linux-x86_64-debian-gcc, r-devel-linux-x86_64-fedora-clang, r-devel-linux-x86_64-fedora-gcc, r-devel-windows-x86_64, r-patched-linux-x86_64, r-release-linux-x86_64, r-release-macos-arm64, r-release-macos-x86_64, r-release-windows-x86_64, r-oldrel-macos-arm64, r-oldrel-macos-x86_64, r-oldrel-windows-ix86+x86_64
Version: 1.10.0
Check: installed package size
Result: NOTE
installed size is 11.0Mb
sub-directories of 1Mb or more:
deps 10.6Mb
Flavors: r-devel-linux-x86_64-fedora-clang, r-devel-windows-x86_64, r-release-macos-arm64, r-release-macos-x86_64, r-release-windows-x86_64, r-oldrel-macos-arm64, r-oldrel-macos-x86_64, r-oldrel-windows-ix86+x86_64