Last updated on 2022-08-15 08:49:54 CEST.
Flavor | Version | Tinstall | Tcheck | Ttotal | Status | Flags |
---|---|---|---|---|---|---|
r-devel-linux-x86_64-debian-clang | 0.0.2-1 | 2.42 | 21.41 | 23.83 | NOTE | |
r-devel-linux-x86_64-debian-gcc | 0.0.2-1 | 1.72 | 16.60 | 18.32 | NOTE | |
r-devel-linux-x86_64-fedora-clang | 0.0.2-1 | 40.66 | NOTE | |||
r-devel-linux-x86_64-fedora-gcc | 0.0.2-1 | 40.16 | NOTE | |||
r-devel-windows-x86_64 | 0.0.2-1 | 11.00 | 46.00 | 57.00 | OK | |
r-patched-linux-x86_64 | 0.0.2-1 | 1.52 | 20.98 | 22.50 | NOTE | |
r-release-linux-x86_64 | 0.0.2-1 | 1.52 | 20.90 | 22.42 | NOTE | |
r-release-macos-arm64 | 0.0.2-1 | 15.00 | OK | |||
r-release-macos-x86_64 | 0.0.2-1 | 20.00 | OK | |||
r-release-windows-x86_64 | 0.0.2-1 | 6.00 | 47.00 | 53.00 | OK | |
r-oldrel-macos-arm64 | 0.0.2-1 | 16.00 | OK | |||
r-oldrel-macos-x86_64 | 0.0.2-1 | 27.00 | OK | |||
r-oldrel-windows-ix86+x86_64 | 0.0.2-1 | 6.00 | 38.00 | 44.00 | OK |
Version: 0.0.2-1
Check: package dependencies
Result: NOTE
Package suggested but not available for checking: 'dash'
Flavors: r-devel-linux-x86_64-debian-clang, r-devel-linux-x86_64-debian-gcc, r-devel-linux-x86_64-fedora-clang, r-devel-linux-x86_64-fedora-gcc, r-patched-linux-x86_64, r-release-linux-x86_64