Last updated on 2022-08-15 08:49:54 CEST.
Flavor | Version | Tinstall | Tcheck | Ttotal | Status | Flags |
---|---|---|---|---|---|---|
r-devel-linux-x86_64-debian-clang | 4.7.0 | 3.78 | 21.96 | 25.74 | NOTE | |
r-devel-linux-x86_64-debian-gcc | 4.7.0 | 2.46 | 17.53 | 19.99 | NOTE | |
r-devel-linux-x86_64-fedora-clang | 4.7.0 | 42.25 | NOTE | |||
r-devel-linux-x86_64-fedora-gcc | 4.7.0 | 41.46 | NOTE | |||
r-devel-windows-x86_64 | 4.7.0 | 60.00 | 48.00 | 108.00 | NOTE | |
r-patched-linux-x86_64 | 4.7.0 | 3.67 | 21.65 | 25.32 | NOTE | |
r-release-linux-x86_64 | 4.7.0 | 3.74 | 21.33 | 25.07 | NOTE | |
r-release-macos-arm64 | 4.7.0 | 17.00 | NOTE | |||
r-release-macos-x86_64 | 4.7.0 | 21.00 | NOTE | |||
r-release-windows-x86_64 | 4.7.0 | 13.00 | 46.00 | 59.00 | NOTE | |
r-oldrel-macos-arm64 | 4.7.0 | 19.00 | NOTE | |||
r-oldrel-macos-x86_64 | 4.7.0 | 28.00 | NOTE | |||
r-oldrel-windows-ix86+x86_64 | 4.7.0 | 7.00 | 38.00 | 45.00 | NOTE |
Version: 4.7.0
Check: package dependencies
Result: NOTE
Package suggested but not available for checking: 'dash'
Flavors: r-devel-linux-x86_64-debian-clang, r-devel-linux-x86_64-debian-gcc, r-devel-linux-x86_64-fedora-clang, r-devel-linux-x86_64-fedora-gcc, r-patched-linux-x86_64, r-release-linux-x86_64
Version: 4.7.0
Check: LazyData
Result: NOTE
'LazyData' is specified without a 'data' directory
Flavors: r-devel-linux-x86_64-debian-clang, r-devel-linux-x86_64-debian-gcc, r-devel-linux-x86_64-fedora-clang, r-devel-linux-x86_64-fedora-gcc, r-devel-windows-x86_64, r-patched-linux-x86_64, r-release-linux-x86_64, r-release-macos-arm64, r-release-macos-x86_64, r-release-windows-x86_64, r-oldrel-macos-arm64, r-oldrel-macos-x86_64, r-oldrel-windows-ix86+x86_64
Version: 4.7.0
Check: installed package size
Result: NOTE
installed size is 6.7Mb
sub-directories of 1Mb or more:
deps 6.5Mb
Flavors: r-devel-linux-x86_64-fedora-clang, r-devel-windows-x86_64, r-release-macos-arm64, r-release-macos-x86_64, r-release-windows-x86_64, r-oldrel-macos-arm64, r-oldrel-macos-x86_64, r-oldrel-windows-ix86+x86_64