Last updated on 2022-08-15 08:49:54 CEST.
Flavor | Version | Tinstall | Tcheck | Ttotal | Status | Flags |
---|---|---|---|---|---|---|
r-devel-linux-x86_64-debian-clang | 0.1.1 | 2.03 | 29.19 | 31.22 | NOTE | |
r-devel-linux-x86_64-debian-gcc | 0.1.1 | 1.51 | 22.64 | 24.15 | NOTE | |
r-devel-linux-x86_64-fedora-clang | 0.1.1 | 50.54 | NOTE | |||
r-devel-linux-x86_64-fedora-gcc | 0.1.1 | 50.00 | NOTE | |||
r-devel-windows-x86_64 | 0.1.1 | 9.00 | 56.00 | 65.00 | OK | |
r-patched-linux-x86_64 | 0.1.1 | 1.98 | 28.11 | 30.09 | NOTE | |
r-release-linux-x86_64 | 0.1.1 | 1.98 | 28.85 | 30.83 | NOTE | |
r-release-macos-arm64 | 0.1.1 | 18.00 | OK | |||
r-release-macos-x86_64 | 0.1.1 | 29.00 | OK | |||
r-release-windows-x86_64 | 0.1.1 | 14.00 | 58.00 | 72.00 | OK | |
r-oldrel-macos-arm64 | 0.1.1 | 23.00 | OK | |||
r-oldrel-macos-x86_64 | 0.1.1 | 32.00 | OK | |||
r-oldrel-windows-ix86+x86_64 | 0.1.1 | 6.00 | 46.00 | 52.00 | OK |
Version: 0.1.1
Check: for non-standard things in the check directory
Result: NOTE
Found the following files/directories:
'my new data set.rds'
Flavors: r-devel-linux-x86_64-debian-clang, r-devel-linux-x86_64-debian-gcc, r-devel-linux-x86_64-fedora-clang, r-devel-linux-x86_64-fedora-gcc, r-patched-linux-x86_64, r-release-linux-x86_64