Last updated on 2022-08-15 08:49:54 CEST.
Flavor | Version | Tinstall | Tcheck | Ttotal | Status | Flags |
---|---|---|---|---|---|---|
r-devel-linux-x86_64-debian-clang | 1.0.3 | 5.76 | 52.52 | 58.28 | OK | |
r-devel-linux-x86_64-debian-gcc | 1.0.3 | 4.31 | 39.80 | 44.11 | OK | |
r-devel-linux-x86_64-fedora-clang | 1.0.3 | 82.18 | NOTE | |||
r-devel-linux-x86_64-fedora-gcc | 1.0.3 | 78.12 | NOTE | |||
r-devel-windows-x86_64 | 1.0.3 | 66.00 | 75.00 | 141.00 | OK | |
r-patched-linux-x86_64 | 1.0.3 | 10.03 | 48.93 | 58.96 | OK | |
r-release-linux-x86_64 | 1.0.3 | 5.72 | 49.67 | 55.39 | OK | |
r-release-macos-arm64 | 1.0.3 | 24.00 | NOTE | |||
r-release-macos-x86_64 | 1.0.3 | 40.00 | NOTE | |||
r-release-windows-x86_64 | 1.0.3 | 55.00 | 82.00 | 137.00 | OK | |
r-oldrel-macos-arm64 | 1.0.3 | 31.00 | NOTE | |||
r-oldrel-macos-x86_64 | 1.0.3 | 35.00 | NOTE | |||
r-oldrel-windows-ix86+x86_64 | 1.0.3 | 14.00 | 70.00 | 84.00 | OK |
Version: 1.0.3
Check: dependencies in R code
Result: NOTE
Namespace in Imports field not imported from: ‘htmltools’
All declared Imports should be used.
Flavors: r-devel-linux-x86_64-fedora-clang, r-devel-linux-x86_64-fedora-gcc, r-release-macos-arm64, r-release-macos-x86_64, r-oldrel-macos-arm64, r-oldrel-macos-x86_64