Last updated on 2022-08-15 08:49:54 CEST.
Flavor | Version | Tinstall | Tcheck | Ttotal | Status | Flags |
---|---|---|---|---|---|---|
r-devel-linux-x86_64-debian-clang | 0.4.7 | 2.60 | 21.05 | 23.65 | OK | |
r-devel-linux-x86_64-debian-gcc | 0.4.7 | 1.58 | 16.31 | 17.89 | OK | |
r-devel-linux-x86_64-fedora-clang | 0.4.7 | 40.15 | NOTE | |||
r-devel-linux-x86_64-fedora-gcc | 0.4.7 | 39.60 | OK | |||
r-devel-windows-x86_64 | 0.4.7 | 117.00 | 44.00 | 161.00 | OK | |
r-patched-linux-x86_64 | 0.4.7 | 2.17 | 20.51 | 22.68 | OK | |
r-release-linux-x86_64 | 0.4.7 | 1.58 | 20.82 | 22.40 | OK | |
r-release-macos-arm64 | 0.4.7 | 14.00 | OK | |||
r-release-macos-x86_64 | 0.4.7 | 21.00 | OK | |||
r-release-windows-x86_64 | 0.4.7 | 8.00 | 42.00 | 50.00 | OK | |
r-oldrel-macos-arm64 | 0.4.7 | 17.00 | OK | |||
r-oldrel-macos-x86_64 | 0.4.7 | 28.00 | OK | |||
r-oldrel-windows-ix86+x86_64 | 0.4.7 | 6.00 | 24.00 | 30.00 | OK |
Version: 0.4.7
Check: Rd cross-references
Result: NOTE
Undeclared package ‘gdata’ in Rd xrefs
Flavor: r-devel-linux-x86_64-fedora-clang