Last updated on 2022-08-15 08:49:54 CEST.
Flavor | Version | Tinstall | Tcheck | Ttotal | Status | Flags |
---|---|---|---|---|---|---|
r-devel-linux-x86_64-debian-clang | 1.0.9 | 24.26 | 418.62 | 442.88 | NOTE | |
r-devel-linux-x86_64-debian-gcc | 1.0.9 | 14.49 | 282.40 | 296.89 | NOTE | |
r-devel-linux-x86_64-fedora-clang | 1.0.9 | 496.48 | NOTE | |||
r-devel-linux-x86_64-fedora-gcc | 1.0.9 | 539.49 | NOTE | |||
r-devel-windows-x86_64 | 1.0.9 | 154.00 | 443.00 | 597.00 | NOTE | |
r-patched-linux-x86_64 | 1.0.9 | 33.79 | 381.83 | 415.62 | OK | |
r-release-linux-x86_64 | 1.0.9 | 23.57 | 384.81 | 408.38 | OK | |
r-release-macos-arm64 | 1.0.9 | 148.00 | OK | |||
r-release-macos-x86_64 | 1.0.9 | 250.00 | OK | |||
r-release-windows-x86_64 | 1.0.9 | 165.00 | 453.00 | 618.00 | OK | |
r-oldrel-macos-arm64 | 1.0.9 | 224.00 | OK | |||
r-oldrel-macos-x86_64 | 1.0.9 | 188.00 | OK | |||
r-oldrel-windows-ix86+x86_64 | 1.0.9 | 41.00 | 471.00 | 512.00 | OK |
Version: 1.0.9
Check: package subdirectories
Result: NOTE
Problems with news in 'NEWS.md':
Cannot extract version info from the following section titles:
dataquieR (1.0.8)
dataquieR (1.0.7)
dataquieR (1.0.6)
dataquieR (1.0.0)
Flavors: r-devel-linux-x86_64-debian-clang, r-devel-linux-x86_64-debian-gcc, r-devel-linux-x86_64-fedora-clang, r-devel-linux-x86_64-fedora-gcc, r-devel-windows-x86_64
Version: 1.0.9
Check: HTML version of manual
Result: NOTE
Found the following HTML validation problems:
acc_robust_univariate_outlier.html:128:4: Warning: nested emphasis <em>
acc_univariate_outlier.html:128:4: Warning: nested emphasis <em>
Flavors: r-devel-linux-x86_64-debian-clang, r-devel-linux-x86_64-debian-gcc, r-devel-linux-x86_64-fedora-clang, r-devel-linux-x86_64-fedora-gcc