Last updated on 2022-08-15 08:49:54 CEST.
Flavor | Version | Tinstall | Tcheck | Ttotal | Status | Flags |
---|---|---|---|---|---|---|
r-devel-linux-x86_64-debian-clang | 2.18.2 | 10.33 | 138.56 | 148.89 | NOTE | |
r-devel-linux-x86_64-debian-gcc | 2.18.2 | 7.85 | 101.85 | 109.70 | NOTE | |
r-devel-linux-x86_64-fedora-clang | 2.18.2 | 187.23 | NOTE | |||
r-devel-linux-x86_64-fedora-gcc | 2.18.2 | 193.93 | NOTE | |||
r-devel-windows-x86_64 | 2.18.2 | 268.00 | 215.00 | 483.00 | OK | |
r-patched-linux-x86_64 | 2.18.2 | 16.07 | 122.97 | 139.04 | NOTE | |
r-release-linux-x86_64 | 2.18.2 | 11.71 | 122.09 | 133.80 | NOTE | |
r-release-macos-arm64 | 2.18.2 | 105.00 | OK | |||
r-release-macos-x86_64 | 2.18.2 | 143.00 | OK | |||
r-release-windows-x86_64 | 2.18.2 | 261.00 | 215.00 | 476.00 | OK | |
r-oldrel-macos-arm64 | 2.18.2 | 133.00 | OK | |||
r-oldrel-macos-x86_64 | 2.18.2 | 144.00 | OK | |||
r-oldrel-windows-ix86+x86_64 | 2.18.2 | 22.00 | 177.00 | 199.00 | OK |
Version: 2.18.2
Check: package dependencies
Result: NOTE
Package suggested but not available for checking: 'stubthat'
Flavors: r-devel-linux-x86_64-debian-clang, r-devel-linux-x86_64-debian-gcc, r-devel-linux-x86_64-fedora-clang, r-devel-linux-x86_64-fedora-gcc, r-patched-linux-x86_64, r-release-linux-x86_64