Last updated on 2022-08-15 08:49:54 CEST.
Flavor | Version | Tinstall | Tcheck | Ttotal | Status | Flags |
---|---|---|---|---|---|---|
r-devel-linux-x86_64-debian-clang | 0.8.10 | 91.90 | 35.99 | 127.89 | NOTE | |
r-devel-linux-x86_64-debian-gcc | 0.8.10 | 75.00 | 28.94 | 103.94 | NOTE | |
r-devel-linux-x86_64-fedora-clang | 0.8.10 | 180.74 | NOTE | |||
r-devel-linux-x86_64-fedora-gcc | 0.8.10 | 182.59 | NOTE | |||
r-devel-windows-x86_64 | 0.8.10 | 134.00 | 85.00 | 219.00 | NOTE | |
r-patched-linux-x86_64 | 0.8.10 | 77.86 | 35.87 | 113.73 | NOTE | |
r-release-linux-x86_64 | 0.8.10 | 76.76 | 35.45 | 112.21 | NOTE | |
r-release-macos-arm64 | 0.8.10 | 74.00 | NOTE | |||
r-release-macos-x86_64 | 0.8.10 | 98.00 | NOTE | |||
r-release-windows-x86_64 | 0.8.10 | 136.00 | 85.00 | 221.00 | NOTE | |
r-oldrel-macos-arm64 | 0.8.10 | 84.00 | NOTE | |||
r-oldrel-macos-x86_64 | 0.8.10 | 109.00 | NOTE | |||
r-oldrel-windows-ix86+x86_64 | 0.8.10 | 167.00 | 123.00 | 290.00 | NOTE |
Version: 0.8.10
Check: for GNU extensions in Makefiles
Result: NOTE
GNU make is a SystemRequirements.
Flavors: r-devel-linux-x86_64-debian-clang, r-devel-linux-x86_64-debian-gcc, r-devel-linux-x86_64-fedora-clang, r-devel-linux-x86_64-fedora-gcc, r-devel-windows-x86_64, r-patched-linux-x86_64, r-release-linux-x86_64, r-release-macos-arm64, r-release-macos-x86_64, r-release-windows-x86_64, r-oldrel-macos-arm64, r-oldrel-macos-x86_64, r-oldrel-windows-ix86+x86_64
Version: 0.8.10
Check: installed package size
Result: NOTE
installed size is 5.0Mb
sub-directories of 1Mb or more:
libs 4.6Mb
Flavors: r-release-macos-x86_64, r-oldrel-macos-arm64, r-oldrel-macos-x86_64