Last updated on 2022-08-15 08:49:54 CEST.
Flavor | Version | Tinstall | Tcheck | Ttotal | Status | Flags |
---|---|---|---|---|---|---|
r-devel-linux-x86_64-debian-clang | 1.0.0 | 6.52 | 60.07 | 66.59 | OK | |
r-devel-linux-x86_64-debian-gcc | 1.0.0 | 4.85 | 43.82 | 48.67 | OK | |
r-devel-linux-x86_64-fedora-clang | 1.0.0 | 95.32 | NOTE | |||
r-devel-linux-x86_64-fedora-gcc | 1.0.0 | 89.50 | NOTE | |||
r-devel-windows-x86_64 | 1.0.0 | 11.00 | 85.00 | 96.00 | OK | |
r-patched-linux-x86_64 | 1.0.0 | 5.87 | 54.92 | 60.79 | OK | |
r-release-linux-x86_64 | 1.0.0 | 4.47 | 56.19 | 60.66 | OK | |
r-release-macos-arm64 | 1.0.0 | 29.00 | NOTE | |||
r-release-macos-x86_64 | 1.0.0 | 48.00 | NOTE | |||
r-release-windows-x86_64 | 1.0.0 | 14.00 | 88.00 | 102.00 | OK | |
r-oldrel-macos-arm64 | 1.0.0 | 33.00 | NOTE | |||
r-oldrel-macos-x86_64 | 1.0.0 | 33.00 | NOTE | |||
r-oldrel-windows-ix86+x86_64 | 1.0.0 | 18.00 | 81.00 | 99.00 | OK |
Version: 1.0.0
Check: dependencies in R code
Result: NOTE
Namespaces in Imports field not imported from:
‘knitr’ ‘tidyverse’ ‘vctrs’
All declared Imports should be used.
Flavors: r-devel-linux-x86_64-fedora-clang, r-devel-linux-x86_64-fedora-gcc, r-release-macos-arm64, r-release-macos-x86_64, r-oldrel-macos-arm64, r-oldrel-macos-x86_64