Last updated on 2022-08-15 08:49:54 CEST.
Flavor | Version | Tinstall | Tcheck | Ttotal | Status | Flags |
---|---|---|---|---|---|---|
r-devel-linux-x86_64-debian-clang | 1.1.7 | 3.86 | 23.86 | 27.72 | OK | |
r-devel-linux-x86_64-debian-gcc | 1.1.7 | 3.23 | 18.82 | 22.05 | OK | |
r-devel-linux-x86_64-fedora-clang | 1.1.7 | 45.72 | NOTE | |||
r-devel-linux-x86_64-fedora-gcc | 1.1.7 | 45.40 | NOTE | |||
r-devel-windows-x86_64 | 1.1.7 | 10.00 | 47.00 | 57.00 | OK | |
r-patched-linux-x86_64 | 1.1.7 | 3.76 | 22.83 | 26.59 | OK | |
r-release-linux-x86_64 | 1.1.7 | 3.63 | 23.19 | 26.82 | OK | |
r-release-macos-arm64 | 1.1.7 | 16.00 | OK | |||
r-release-macos-x86_64 | 1.1.7 | 21.00 | OK | |||
r-release-windows-x86_64 | 1.1.7 | 10.00 | 43.00 | 53.00 | OK | |
r-oldrel-macos-arm64 | 1.1.7 | 22.00 | OK | |||
r-oldrel-macos-x86_64 | 1.1.7 | 30.00 | OK | |||
r-oldrel-windows-ix86+x86_64 | 1.1.7 | 10.00 | 30.00 | 40.00 | OK |
Version: 1.1.7
Check: compiled code
Result: NOTE
File ‘dblcens/libs/dblcens.so’:
Found no calls to: ‘R_registerRoutines’, ‘R_useDynamicSymbols’
It is good practice to register native routines and to disable symbol
search.
See ‘Writing portable packages’ in the ‘Writing R Extensions’ manual.
Flavors: r-devel-linux-x86_64-fedora-clang, r-devel-linux-x86_64-fedora-gcc