Last updated on 2022-08-15 08:49:54 CEST.
Flavor | Version | Tinstall | Tcheck | Ttotal | Status | Flags |
---|---|---|---|---|---|---|
r-devel-linux-x86_64-debian-clang | 0.1.0 | 9.12 | 75.14 | 84.26 | NOTE | |
r-devel-linux-x86_64-debian-gcc | 0.1.0 | 5.90 | 84.91 | 90.81 | NOTE | |
r-devel-linux-x86_64-fedora-clang | 0.1.0 | 107.00 | NOTE | |||
r-devel-linux-x86_64-fedora-gcc | 0.1.0 | 111.27 | NOTE | |||
r-devel-windows-x86_64 | 0.1.0 | 9.00 | 86.00 | 95.00 | NOTE | |
r-patched-linux-x86_64 | 0.1.0 | 8.13 | 68.50 | 76.63 | NOTE | |
r-release-linux-x86_64 | 0.1.0 | 8.42 | 68.88 | 77.30 | NOTE | |
r-release-macos-arm64 | 0.1.0 | 38.00 | NOTE | |||
r-release-macos-x86_64 | 0.1.0 | 42.00 | NOTE | |||
r-release-windows-x86_64 | 0.1.0 | 12.00 | 88.00 | 100.00 | NOTE | |
r-oldrel-macos-arm64 | 0.1.0 | 34.00 | NOTE | |||
r-oldrel-macos-x86_64 | 0.1.0 | 59.00 | NOTE | |||
r-oldrel-windows-ix86+x86_64 | 0.1.0 | 18.00 | 82.00 | 100.00 | NOTE |
Version: 0.1.0
Check: LazyData
Result: NOTE
'LazyData' is specified without a 'data' directory
Flavors: r-devel-linux-x86_64-debian-clang, r-devel-linux-x86_64-debian-gcc, r-devel-linux-x86_64-fedora-clang, r-devel-linux-x86_64-fedora-gcc, r-devel-windows-x86_64, r-patched-linux-x86_64, r-release-linux-x86_64, r-release-macos-arm64, r-release-macos-x86_64, r-release-windows-x86_64, r-oldrel-macos-arm64, r-oldrel-macos-x86_64, r-oldrel-windows-ix86+x86_64