Last updated on 2022-08-15 08:49:54 CEST.
Flavor | Version | Tinstall | Tcheck | Ttotal | Status | Flags |
---|---|---|---|---|---|---|
r-devel-linux-x86_64-debian-clang | 1.1-10 | 161.48 | 102.16 | 263.64 | NOTE | |
r-devel-linux-x86_64-debian-gcc | 1.1-10 | 126.63 | 74.47 | 201.10 | NOTE | |
r-devel-linux-x86_64-fedora-clang | 1.1-10 | 387.17 | NOTE | |||
r-devel-linux-x86_64-fedora-gcc | 1.1-10 | 356.71 | NOTE | |||
r-devel-windows-x86_64 | 1.1-10 | 139.00 | 182.00 | 321.00 | NOTE | |
r-patched-linux-x86_64 | 1.1-10 | 142.14 | 96.13 | 238.27 | OK | |
r-release-linux-x86_64 | 1.1-10 | 136.94 | 96.90 | 233.84 | OK | |
r-release-macos-arm64 | 1.1-10 | 93.00 | NOTE | |||
r-release-macos-x86_64 | 1.1-10 | 129.00 | NOTE | |||
r-release-windows-x86_64 | 1.1-10 | 134.00 | 186.00 | 320.00 | OK | |
r-oldrel-macos-arm64 | 1.1-10 | 95.00 | NOTE | |||
r-oldrel-macos-x86_64 | 1.1-10 | 140.00 | NOTE | |||
r-oldrel-windows-ix86+x86_64 | 1.1-10 | 383.00 | 203.00 | 586.00 | NOTE |
Version: 1.1-10
Check: package subdirectories
Result: NOTE
Problems with news in 'NEWS.md':
Cannot extract version info from the following section titles:
Changes
Flavors: r-devel-linux-x86_64-debian-clang, r-devel-linux-x86_64-debian-gcc, r-devel-linux-x86_64-fedora-clang, r-devel-linux-x86_64-fedora-gcc, r-devel-windows-x86_64
Version: 1.1-10
Check: installed package size
Result: NOTE
installed size is 9.5Mb
sub-directories of 1Mb or more:
doc 2.6Mb
libs 6.5Mb
Flavors: r-release-macos-arm64, r-release-macos-x86_64, r-oldrel-macos-arm64, r-oldrel-macos-x86_64, r-oldrel-windows-ix86+x86_64