Last updated on 2022-08-15 08:49:54 CEST.
Flavor | Version | Tinstall | Tcheck | Ttotal | Status | Flags |
---|---|---|---|---|---|---|
r-devel-linux-x86_64-debian-clang | 1.2.0 | 4.25 | 49.49 | 53.74 | OK | |
r-devel-linux-x86_64-debian-gcc | 1.2.0 | 2.58 | 35.87 | 38.45 | OK | |
r-devel-linux-x86_64-fedora-clang | 1.2.0 | 71.34 | OK | |||
r-devel-linux-x86_64-fedora-gcc | 1.2.0 | 73.00 | OK | |||
r-devel-windows-x86_64 | 1.2.0 | 9.00 | 69.00 | 78.00 | OK | |
r-patched-linux-x86_64 | 1.2.0 | 3.35 | 44.95 | 48.30 | OK | |
r-release-linux-x86_64 | 1.2.0 | 3.38 | 44.43 | 47.81 | OK | |
r-release-macos-arm64 | 1.2.0 | 7.00 | ERROR | |||
r-release-macos-x86_64 | 1.2.0 | 30.00 | OK | |||
r-release-windows-x86_64 | 1.2.0 | 12.00 | 68.00 | 80.00 | OK | |
r-oldrel-macos-arm64 | 1.2.0 | 10.00 | ERROR | |||
r-oldrel-macos-x86_64 | 1.2.0 | 43.00 | OK | |||
r-oldrel-windows-ix86+x86_64 | 1.2.0 | 10.00 | 64.00 | 74.00 | OK |
Version: 1.2.0
Check: package dependencies
Result: ERROR
Package required but not available: ‘RedeR’
See section ‘The DESCRIPTION file’ in the ‘Writing R Extensions’
manual.
Flavors: r-release-macos-arm64, r-oldrel-macos-arm64