Last updated on 2022-08-15 08:49:54 CEST.
Flavor | Version | Tinstall | Tcheck | Ttotal | Status | Flags |
---|---|---|---|---|---|---|
r-devel-linux-x86_64-debian-clang | 0.3.0 | 14.53 | 145.84 | 160.37 | NOTE | |
r-devel-linux-x86_64-debian-gcc | 0.3.0 | 11.67 | 108.64 | 120.31 | NOTE | |
r-devel-linux-x86_64-fedora-clang | 0.3.0 | 203.45 | NOTE | |||
r-devel-linux-x86_64-fedora-gcc | 0.3.0 | 200.55 | NOTE | |||
r-devel-windows-x86_64 | 0.3.0 | 108.00 | 179.00 | 287.00 | NOTE | |
r-patched-linux-x86_64 | 0.3.0 | 11.71 | 140.01 | 151.72 | NOTE | |
r-release-linux-x86_64 | 0.3.0 | 8.68 | 138.36 | 147.04 | NOTE | |
r-release-macos-arm64 | 0.3.0 | 56.00 | NOTE | |||
r-release-macos-x86_64 | 0.3.0 | 105.00 | NOTE | |||
r-release-windows-x86_64 | 0.3.0 | 96.00 | 182.00 | 278.00 | NOTE | |
r-oldrel-macos-arm64 | 0.3.0 | 62.00 | NOTE | |||
r-oldrel-macos-x86_64 | 0.3.0 | 105.00 | NOTE | |||
r-oldrel-windows-ix86+x86_64 | 0.3.0 | 31.00 | 182.00 | 213.00 | NOTE |
Version: 0.3.0
Check: LazyData
Result: NOTE
'LazyData' is specified without a 'data' directory
Flavors: r-devel-linux-x86_64-debian-clang, r-devel-linux-x86_64-debian-gcc, r-devel-linux-x86_64-fedora-clang, r-devel-linux-x86_64-fedora-gcc, r-devel-windows-x86_64, r-patched-linux-x86_64, r-release-linux-x86_64, r-release-macos-arm64, r-release-macos-x86_64, r-release-windows-x86_64, r-oldrel-macos-arm64, r-oldrel-macos-x86_64, r-oldrel-windows-ix86+x86_64