Last updated on 2022-08-15 08:49:54 CEST.
Flavor | Version | Tinstall | Tcheck | Ttotal | Status | Flags |
---|---|---|---|---|---|---|
r-devel-linux-x86_64-debian-clang | 1.15 | 8.50 | 183.16 | 191.66 | NOTE | |
r-devel-linux-x86_64-debian-gcc | 1.15 | 4.81 | 132.47 | 137.28 | NOTE | |
r-devel-linux-x86_64-fedora-clang | 1.15 | 224.84 | NOTE | |||
r-devel-linux-x86_64-fedora-gcc | 1.15 | 227.90 | NOTE | |||
r-devel-windows-x86_64 | 1.15 | 115.00 | 298.00 | 413.00 | NOTE | |
r-patched-linux-x86_64 | 1.15 | 10.68 | 167.74 | 178.42 | NOTE | |
r-release-linux-x86_64 | 1.15 | 6.00 | 169.90 | 175.90 | NOTE | |
r-release-macos-arm64 | 1.15 | 58.00 | NOTE | |||
r-release-macos-x86_64 | 1.15 | 124.00 | NOTE | |||
r-release-windows-x86_64 | 1.15 | 94.00 | 296.00 | 390.00 | NOTE | |
r-oldrel-macos-arm64 | 1.15 | 104.00 | NOTE | |||
r-oldrel-macos-x86_64 | 1.15 | 120.00 | NOTE | |||
r-oldrel-windows-ix86+x86_64 | 1.15 | 16.00 | 244.00 | 260.00 | NOTE |
Version: 1.15
Check: LazyData
Result: NOTE
'LazyData' is specified without a 'data' directory
Flavors: r-devel-linux-x86_64-debian-clang, r-devel-linux-x86_64-debian-gcc, r-devel-linux-x86_64-fedora-clang, r-devel-linux-x86_64-fedora-gcc, r-devel-windows-x86_64, r-patched-linux-x86_64, r-release-linux-x86_64, r-release-macos-arm64, r-release-macos-x86_64, r-release-windows-x86_64, r-oldrel-macos-arm64, r-oldrel-macos-x86_64, r-oldrel-windows-ix86+x86_64