Last updated on 2022-08-15 08:49:54 CEST.
Flavor | Version | Tinstall | Tcheck | Ttotal | Status | Flags |
---|---|---|---|---|---|---|
r-devel-linux-x86_64-debian-clang | 1.0 | 4.09 | 63.70 | 67.79 | OK | |
r-devel-linux-x86_64-debian-gcc | 1.0 | 2.70 | 49.64 | 52.34 | OK | |
r-devel-linux-x86_64-fedora-clang | 1.0 | 90.51 | NOTE | |||
r-devel-linux-x86_64-fedora-gcc | 1.0 | 92.18 | NOTE | |||
r-devel-windows-x86_64 | 1.0 | 12.00 | 94.00 | 106.00 | OK | |
r-patched-linux-x86_64 | 1.0 | 4.13 | 61.92 | 66.05 | OK | |
r-release-linux-x86_64 | 1.0 | 3.34 | 62.47 | 65.81 | OK | |
r-release-macos-arm64 | 1.0 | 29.00 | NOTE | |||
r-release-macos-x86_64 | 1.0 | 41.00 | NOTE | |||
r-release-windows-x86_64 | 1.0 | 12.00 | 93.00 | 105.00 | OK | |
r-oldrel-macos-arm64 | 1.0 | 34.00 | NOTE | |||
r-oldrel-macos-x86_64 | 1.0 | 57.00 | NOTE | |||
r-oldrel-windows-ix86+x86_64 | 1.0 | 9.00 | 88.00 | 97.00 | OK |
Version: 1.0
Check: dependencies in R code
Result: NOTE
Namespace in Imports field not imported from: ‘RColorBrewer’
All declared Imports should be used.
Flavors: r-devel-linux-x86_64-fedora-clang, r-devel-linux-x86_64-fedora-gcc, r-release-macos-arm64, r-release-macos-x86_64, r-oldrel-macos-arm64, r-oldrel-macos-x86_64