Last updated on 2022-08-15 08:49:54 CEST.
Flavor | Version | Tinstall | Tcheck | Ttotal | Status | Flags |
---|---|---|---|---|---|---|
r-devel-linux-x86_64-debian-clang | 0.0.1 | 1.52 | 24.86 | 26.38 | NOTE | |
r-devel-linux-x86_64-debian-gcc | 0.0.1 | 1.69 | 19.14 | 20.83 | NOTE | |
r-devel-linux-x86_64-fedora-clang | 0.0.1 | 43.99 | NOTE | |||
r-devel-linux-x86_64-fedora-gcc | 0.0.1 | 43.78 | NOTE | |||
r-devel-windows-x86_64 | 0.0.1 | 8.00 | 50.00 | 58.00 | NOTE | |
r-patched-linux-x86_64 | 0.0.1 | 1.85 | 24.46 | 26.31 | NOTE | |
r-release-linux-x86_64 | 0.0.1 | 1.95 | 24.47 | 26.42 | NOTE | |
r-release-macos-arm64 | 0.0.1 | 17.00 | NOTE | |||
r-release-macos-x86_64 | 0.0.1 | 22.00 | NOTE | |||
r-release-windows-x86_64 | 0.0.1 | 8.00 | 52.00 | 60.00 | NOTE | |
r-oldrel-macos-arm64 | 0.0.1 | 20.00 | NOTE | |||
r-oldrel-macos-x86_64 | 0.0.1 | 28.00 | NOTE | |||
r-oldrel-windows-ix86+x86_64 | 0.0.1 | 5.00 | 45.00 | 50.00 | NOTE |
Version: 0.0.1
Check: LazyData
Result: NOTE
'LazyData' is specified without a 'data' directory
Flavors: r-devel-linux-x86_64-debian-clang, r-devel-linux-x86_64-debian-gcc, r-devel-linux-x86_64-fedora-clang, r-devel-linux-x86_64-fedora-gcc, r-devel-windows-x86_64, r-patched-linux-x86_64, r-release-linux-x86_64, r-release-macos-arm64, r-release-macos-x86_64, r-release-windows-x86_64, r-oldrel-macos-arm64, r-oldrel-macos-x86_64, r-oldrel-windows-ix86+x86_64