Last updated on 2022-08-15 08:49:54 CEST.
Flavor | Version | Tinstall | Tcheck | Ttotal | Status | Flags |
---|---|---|---|---|---|---|
r-devel-linux-x86_64-debian-clang | 1.2 | 3.61 | 31.26 | 34.87 | OK | |
r-devel-linux-x86_64-debian-gcc | 1.2 | 2.92 | 24.19 | 27.11 | OK | |
r-devel-linux-x86_64-fedora-clang | 1.2 | 51.63 | NOTE | |||
r-devel-linux-x86_64-fedora-gcc | 1.2 | 50.89 | OK | |||
r-devel-windows-x86_64 | 1.2 | 13.00 | 56.00 | 69.00 | OK | |
r-patched-linux-x86_64 | 1.2 | 3.26 | 28.91 | 32.17 | OK | |
r-release-linux-x86_64 | 1.2 | 3.40 | 29.43 | 32.83 | OK | |
r-release-macos-arm64 | 1.2 | 16.00 | OK | |||
r-release-macos-x86_64 | 1.2 | 26.00 | OK | |||
r-release-windows-x86_64 | 1.2 | 11.00 | 57.00 | 68.00 | OK | |
r-oldrel-macos-arm64 | 1.2 | 25.00 | OK | |||
r-oldrel-macos-x86_64 | 1.2 | 32.00 | OK | |||
r-oldrel-windows-ix86+x86_64 | 1.2 | 7.00 | 43.00 | 50.00 | OK |
Version: 1.2
Check: installed package size
Result: NOTE
installed size is 5.0Mb
sub-directories of 1Mb or more:
extdata 4.8Mb
Flavor: r-devel-linux-x86_64-fedora-clang