Last updated on 2022-08-15 08:49:54 CEST.
Flavor | Version | Tinstall | Tcheck | Ttotal | Status | Flags |
---|---|---|---|---|---|---|
r-devel-linux-x86_64-debian-clang | 1.8.0 | 3.39 | 51.23 | 54.62 | OK | |
r-devel-linux-x86_64-debian-gcc | 1.8.0 | 2.09 | 39.26 | 41.35 | OK | |
r-devel-linux-x86_64-fedora-clang | 1.8.0 | 75.47 | OK | |||
r-devel-linux-x86_64-fedora-gcc | 1.8.0 | 78.01 | OK | |||
r-devel-windows-x86_64 | 1.8.0 | 69.00 | 75.00 | 144.00 | OK | |
r-patched-linux-x86_64 | 1.8.0 | 2.21 | 48.52 | 50.73 | OK | |
r-release-linux-x86_64 | 1.8.0 | 2.91 | 47.66 | 50.57 | OK | |
r-release-macos-arm64 | 1.8.0 | 6.00 | ERROR | |||
r-release-macos-x86_64 | 1.8.0 | 8.00 | ERROR | |||
r-release-windows-x86_64 | 1.8.0 | 52.00 | 75.00 | 127.00 | OK | |
r-oldrel-macos-arm64 | 1.8.0 | 32.00 | OK | |||
r-oldrel-macos-x86_64 | 1.8.0 | 33.00 | OK | |||
r-oldrel-windows-ix86+x86_64 | 1.8.0 | 7.00 | 67.00 | 74.00 | OK |
Version: 1.8.0
Check: package dependencies
Result: ERROR
Package required but not available: ‘BSgenome.Hsapiens.UCSC.hg19’
See section ‘The DESCRIPTION file’ in the ‘Writing R Extensions’
manual.
Flavors: r-release-macos-arm64, r-release-macos-x86_64