Last updated on 2022-08-15 08:49:54 CEST.
Flavor | Version | Tinstall | Tcheck | Ttotal | Status | Flags |
---|---|---|---|---|---|---|
r-devel-linux-x86_64-debian-clang | 0.1.0 | 2.62 | 29.22 | 31.84 | NOTE | |
r-devel-linux-x86_64-debian-gcc | 0.1.0 | 1.75 | 22.90 | 24.65 | NOTE | |
r-devel-linux-x86_64-fedora-clang | 0.1.0 | 49.40 | NOTE | |||
r-devel-linux-x86_64-fedora-gcc | 0.1.0 | 50.60 | NOTE | |||
r-devel-windows-x86_64 | 0.1.0 | 16.00 | 54.00 | 70.00 | NOTE | |
r-patched-linux-x86_64 | 0.1.0 | 2.08 | 28.16 | 30.24 | NOTE | |
r-release-linux-x86_64 | 0.1.0 | 2.45 | 28.52 | 30.97 | NOTE | |
r-release-macos-arm64 | 0.1.0 | 17.00 | NOTE | |||
r-release-macos-x86_64 | 0.1.0 | 23.00 | NOTE | |||
r-release-windows-x86_64 | 0.1.0 | 16.00 | 53.00 | 69.00 | NOTE | |
r-oldrel-macos-arm64 | 0.1.0 | 19.00 | NOTE | |||
r-oldrel-macos-x86_64 | 0.1.0 | 30.00 | NOTE | |||
r-oldrel-windows-ix86+x86_64 | 0.1.0 | 7.00 | 46.00 | 53.00 | NOTE |
Version: 0.1.0
Check: LazyData
Result: NOTE
'LazyData' is specified without a 'data' directory
Flavors: r-devel-linux-x86_64-debian-clang, r-devel-linux-x86_64-debian-gcc, r-devel-linux-x86_64-fedora-clang, r-devel-linux-x86_64-fedora-gcc, r-devel-windows-x86_64, r-patched-linux-x86_64, r-release-linux-x86_64, r-release-macos-arm64, r-release-macos-x86_64, r-release-windows-x86_64, r-oldrel-macos-arm64, r-oldrel-macos-x86_64, r-oldrel-windows-ix86+x86_64
Version: 0.1.0
Check: HTML version of manual
Result: NOTE
Found the following HTML validation problems:
validate_arguments.html:83:111: Warning: inserting implicit <p>
validate_arguments.html:87:95: Warning: inserting implicit <p>
validate_arguments.html:94:51: Warning: inserting implicit <p>
validate_arguments.html:83:111: Warning: trimming empty <p>
validate_arguments.html:87:95: Warning: trimming empty <p>
validate_arguments.html:94:51: Warning: trimming empty <p>
Flavors: r-devel-linux-x86_64-debian-clang, r-devel-linux-x86_64-debian-gcc, r-devel-linux-x86_64-fedora-clang, r-devel-linux-x86_64-fedora-gcc