Last updated on 2022-08-15 08:49:54 CEST.
Flavor | Version | Tinstall | Tcheck | Ttotal | Status | Flags |
---|---|---|---|---|---|---|
r-devel-linux-x86_64-debian-clang | 1.0.4 | 4.38 | 38.14 | 42.52 | NOTE | |
r-devel-linux-x86_64-debian-gcc | 1.0.4 | 3.38 | 27.59 | 30.97 | NOTE | |
r-devel-linux-x86_64-fedora-clang | 1.0.4 | 61.14 | NOTE | |||
r-devel-linux-x86_64-fedora-gcc | 1.0.4 | 61.07 | NOTE | |||
r-devel-windows-x86_64 | 1.0.4 | 10.00 | 58.00 | 68.00 | NOTE | |
r-patched-linux-x86_64 | 1.0.4 | 2.87 | 35.61 | 38.48 | OK | |
r-release-linux-x86_64 | 1.0.4 | 3.36 | 35.11 | 38.47 | OK | |
r-release-macos-arm64 | 1.0.4 | 18.00 | OK | |||
r-release-macos-x86_64 | 1.0.4 | 26.00 | OK | |||
r-release-windows-x86_64 | 1.0.4 | 16.00 | 60.00 | 76.00 | OK | |
r-oldrel-macos-arm64 | 1.0.4 | 25.00 | OK | |||
r-oldrel-macos-x86_64 | 1.0.4 | 26.00 | OK | |||
r-oldrel-windows-ix86+x86_64 | 1.0.4 | 9.00 | 52.00 | 61.00 | OK |
Version: 1.0.4
Check: package subdirectories
Result: NOTE
Problems with news in 'NEWS.md':
No news entries found.
Flavors: r-devel-linux-x86_64-debian-clang, r-devel-linux-x86_64-debian-gcc, r-devel-linux-x86_64-fedora-clang, r-devel-linux-x86_64-fedora-gcc, r-devel-windows-x86_64