Last updated on 2022-08-15 08:49:54 CEST.
Flavor | Version | Tinstall | Tcheck | Ttotal | Status | Flags |
---|---|---|---|---|---|---|
r-devel-linux-x86_64-debian-clang | 0.3.0 | 8.09 | 65.41 | 73.50 | NOTE | |
r-devel-linux-x86_64-debian-gcc | 0.3.0 | 5.96 | 47.87 | 53.83 | NOTE | |
r-devel-linux-x86_64-fedora-clang | 0.3.0 | 97.23 | NOTE | |||
r-devel-linux-x86_64-fedora-gcc | 0.3.0 | 98.76 | NOTE | |||
r-devel-windows-x86_64 | 0.3.0 | 17.00 | 97.00 | 114.00 | NOTE | |
r-patched-linux-x86_64 | 0.3.0 | 6.29 | 61.40 | 67.69 | NOTE | |
r-release-linux-x86_64 | 0.3.0 | 7.28 | 61.97 | 69.25 | NOTE | |
r-release-macos-arm64 | 0.3.0 | 29.00 | NOTE | |||
r-release-macos-x86_64 | 0.3.0 | 46.00 | NOTE | |||
r-release-windows-x86_64 | 0.3.0 | 19.00 | 98.00 | 117.00 | NOTE | |
r-oldrel-macos-arm64 | 0.3.0 | 43.00 | NOTE | |||
r-oldrel-macos-x86_64 | 0.3.0 | 48.00 | NOTE | |||
r-oldrel-windows-ix86+x86_64 | 0.3.0 | 35.00 | 88.00 | 123.00 | NOTE |
Version: 0.3.0
Check: LazyData
Result: NOTE
'LazyData' is specified without a 'data' directory
Flavors: r-devel-linux-x86_64-debian-clang, r-devel-linux-x86_64-debian-gcc, r-devel-linux-x86_64-fedora-clang, r-devel-linux-x86_64-fedora-gcc, r-devel-windows-x86_64, r-patched-linux-x86_64, r-release-linux-x86_64, r-release-macos-arm64, r-release-macos-x86_64, r-release-windows-x86_64, r-oldrel-macos-arm64, r-oldrel-macos-x86_64, r-oldrel-windows-ix86+x86_64
Version: 0.3.0
Check: dependencies in R code
Result: NOTE
Namespace in Imports field not imported from: ‘assertthat’
All declared Imports should be used.
Flavors: r-devel-linux-x86_64-fedora-clang, r-devel-linux-x86_64-fedora-gcc, r-release-macos-arm64, r-release-macos-x86_64, r-oldrel-macos-arm64, r-oldrel-macos-x86_64